Last updated on 2019-07-03 01:47:38 CEST.
Flavor | Version | Tinstall | Tcheck | Ttotal | Status | Flags |
---|---|---|---|---|---|---|
r-devel-linux-x86_64-debian-clang | 0.3.0 | 2.45 | 29.50 | 31.95 | OK | |
r-devel-linux-x86_64-debian-gcc | 0.3.0 | 1.95 | 23.78 | 25.73 | OK | |
r-devel-linux-x86_64-fedora-clang | 0.3.0 | 41.56 | OK | |||
r-devel-linux-x86_64-fedora-gcc | 0.3.0 | 38.57 | OK | |||
r-devel-windows-ix86+x86_64 | 0.3.0 | 7.00 | 52.00 | 59.00 | OK | |
r-patched-linux-x86_64 | 0.3.0 | 2.41 | 29.39 | 31.80 | OK | |
r-patched-solaris-x86 | 0.3.0 | 59.10 | WARN | |||
r-release-linux-x86_64 | 0.3.0 | 2.47 | 29.23 | 31.70 | OK | |
r-release-windows-ix86+x86_64 | 0.3.0 | 7.00 | 77.00 | 84.00 | OK | |
r-release-osx-x86_64 | 0.3.0 | WARN | ||||
r-oldrel-windows-ix86+x86_64 | 0.3.0 | 5.00 | 48.00 | 53.00 | OK | |
r-oldrel-osx-x86_64 | 0.3.0 | WARN |
Version: 0.3.0
Check: re-building of vignette outputs
Result: WARN
Error(s) in re-building vignettes:
...
--- re-building ‘NEWS.Rmd’ using rmarkdown
Warning in engine$weave(file, quiet = quiet, encoding = enc) :
Pandoc (>= 1.12.3) and/or pandoc-citeproc not available. Falling back to R Markdown v1.
--- finished re-building ‘NEWS.Rmd’
--- re-building ‘rpivotTableIntroduction.Rmd’ using rmarkdown
Warning in engine$weave(file, quiet = quiet, encoding = enc) :
Pandoc (>= 1.12.3) and/or pandoc-citeproc not available. Falling back to R Markdown v1.
Quitting from lines 51-53 (rpivotTableIntroduction.Rmd)
Error: processing vignette 'rpivotTableIntroduction.Rmd' failed with diagnostics:
there is no package called 'webshot'
--- failed re-building ‘rpivotTableIntroduction.Rmd’
SUMMARY: processing the following file failed:
‘rpivotTableIntroduction.Rmd’
Error: Vignette re-building failed.
Execution halted
Flavor: r-patched-solaris-x86
Version: 0.3.0
Check: re-building of vignette outputs
Result: WARN
Error(s) in re-building vignettes:
...
--- re-building ‘NEWS.Rmd’ using rmarkdown
Warning in engine$weave(file, quiet = quiet, encoding = enc) :
Pandoc (>= 1.12.3) and/or pandoc-citeproc not available. Falling back to R Markdown v1.
--- finished re-building ‘NEWS.Rmd’
--- re-building ‘rpivotTableIntroduction.Rmd’ using rmarkdown
Warning in engine$weave(file, quiet = quiet, encoding = enc) :
Pandoc (>= 1.12.3) and/or pandoc-citeproc not available. Falling back to R Markdown v1.
Quitting from lines 51-53 (rpivotTableIntroduction.Rmd)
Error: processing vignette 'rpivotTableIntroduction.Rmd' failed with diagnostics:
cannot open the connection
--- failed re-building ‘rpivotTableIntroduction.Rmd’
SUMMARY: processing the following file failed:
‘rpivotTableIntroduction.Rmd’
Error: Vignette re-building failed.
Execution halted
Flavor: r-release-osx-x86_64
Version: 0.3.0
Check: re-building of vignette outputs
Result: WARN
Error in re-building vignettes:
...
Warning in engine$weave(file, quiet = quiet, encoding = enc) :
Pandoc (>= 1.12.3) and/or pandoc-citeproc not available. Falling back to R Markdown v1.
Warning in engine$weave(file, quiet = quiet, encoding = enc) :
Pandoc (>= 1.12.3) and/or pandoc-citeproc not available. Falling back to R Markdown v1.
Quitting from lines 51-53 (rpivotTableIntroduction.Rmd)
Error: processing vignette 'rpivotTableIntroduction.Rmd' failed with diagnostics:
cannot open the connection
Execution halted
Flavor: r-oldrel-osx-x86_64