Last updated on 2019-07-03 01:47:38 CEST.
Flavor | Version | Tinstall | Tcheck | Ttotal | Status | Flags |
---|---|---|---|---|---|---|
r-devel-linux-x86_64-debian-clang | 0.1-7 | 91.26 | 87.46 | 178.72 | WARN | |
r-devel-linux-x86_64-debian-gcc | 0.1-7 | 75.32 | 67.07 | 142.39 | OK | |
r-devel-linux-x86_64-fedora-clang | 0.1-7 | 274.73 | WARN | |||
r-devel-linux-x86_64-fedora-gcc | 0.1-7 | 239.62 | OK | |||
r-devel-windows-ix86+x86_64 | 0.1-7 | 187.00 | 188.00 | 375.00 | OK | |
r-patched-linux-x86_64 | 0.1-7 | 88.30 | 85.03 | 173.33 | OK | |
r-patched-solaris-x86 | 0.1-7 | 268.20 | OK | |||
r-release-linux-x86_64 | 0.1-7 | 84.91 | 85.76 | 170.67 | OK | |
r-release-windows-ix86+x86_64 | 0.1-7 | 192.00 | 173.00 | 365.00 | OK | |
r-release-osx-x86_64 | 0.1-7 | WARN | ||||
r-oldrel-windows-ix86+x86_64 | 0.1-7 | 180.00 | 133.00 | 313.00 | OK | |
r-oldrel-osx-x86_64 | 0.1-7 | OK |
Version: 0.1-7
Check: whether package can be installed
Result: WARN
Found the following significant warnings:
z.cpp:42:7: warning: explicitly assigning value of variable of type 'arma::mat' (aka 'Mat<double>') to itself [-Wself-assign-overloaded]
Flavors: r-devel-linux-x86_64-debian-clang, r-devel-linux-x86_64-fedora-clang, r-release-osx-x86_64