Last updated on 2019-07-03 01:47:38 CEST.
Flavor | Version | Tinstall | Tcheck | Ttotal | Status | Flags |
---|---|---|---|---|---|---|
r-devel-linux-x86_64-debian-clang | 1.0.0 | 5.89 | 74.70 | 80.59 | OK | |
r-devel-linux-x86_64-debian-gcc | 1.0.0 | 5.40 | 57.01 | 62.41 | OK | |
r-devel-linux-x86_64-fedora-clang | 1.0.0 | 102.92 | NOTE | |||
r-devel-linux-x86_64-fedora-gcc | 1.0.0 | 94.01 | NOTE | |||
r-devel-windows-ix86+x86_64 | 1.0.0 | 16.00 | 90.00 | 106.00 | OK | |
r-patched-linux-x86_64 | 1.0.0 | 6.91 | 72.58 | 79.49 | OK | |
r-patched-solaris-x86 | 1.0.0 | 138.60 | NOTE | |||
r-release-linux-x86_64 | 1.0.0 | 5.59 | 73.34 | 78.93 | OK | |
r-release-windows-ix86+x86_64 | 1.0.0 | 16.00 | 117.00 | 133.00 | OK | |
r-release-osx-x86_64 | 1.0.0 | NOTE | ||||
r-oldrel-windows-ix86+x86_64 | 1.0.0 | 9.00 | 92.00 | 101.00 | OK | |
r-oldrel-osx-x86_64 | 1.0.0 | NOTE |
Version: 1.0.0
Check: dependencies in R code
Result: NOTE
Namespace in Imports field not imported from: ‘Rcpp’
All declared Imports should be used.
Flavors: r-devel-linux-x86_64-fedora-clang, r-devel-linux-x86_64-fedora-gcc, r-patched-solaris-x86, r-release-osx-x86_64, r-oldrel-osx-x86_64