CRAN Package Check Results for Package rstpm2

Last updated on 2019-07-03 01:47:38 CEST.

Flavor Version Tinstall Tcheck Ttotal Status Flags
r-devel-linux-x86_64-debian-clang 1.4.5 105.65 114.06 219.71 OK
r-devel-linux-x86_64-debian-gcc 1.4.5 91.32 88.57 179.89 OK
r-devel-linux-x86_64-fedora-clang 1.4.5 340.79 NOTE
r-devel-linux-x86_64-fedora-gcc 1.4.5 289.25 OK
r-devel-windows-ix86+x86_64 1.4.5 192.00 250.00 442.00 NOTE
r-patched-linux-x86_64 1.4.5 92.37 110.83 203.20 OK
r-patched-solaris-x86 1.4.5 327.70 OK
r-release-linux-x86_64 1.4.5 100.71 114.03 214.74 OK
r-release-windows-ix86+x86_64 1.4.5 195.00 255.00 450.00 NOTE
r-release-osx-x86_64 1.4.5 ERROR
r-oldrel-windows-ix86+x86_64 1.4.5 180.00 186.00 366.00 NOTE
r-oldrel-osx-x86_64 1.4.5 NOTE

Additional issues

ATLAS noLD

Check Details

Version: 1.4.5
Check: installed package size
Result: NOTE
     installed size is 13.4Mb
     sub-directories of 1Mb or more:
     libs 11.2Mb
Flavors: r-devel-linux-x86_64-fedora-clang, r-devel-windows-ix86+x86_64, r-release-windows-ix86+x86_64, r-release-osx-x86_64, r-oldrel-windows-ix86+x86_64, r-oldrel-osx-x86_64

Version: 1.4.5
Check: tests
Result: ERROR
     Running ‘testthat.R’ [9s/15s]
    Running the tests in ‘tests/testthat.R’ failed.
    Last 13 lines of output:
     >
     > test_check("rstpm2")
     ── 1. Failure: Predictions with missing values - pstpm2+frailty (@test_missing.R
     max(abs(expr - value)) is not strictly less than `eps`. Difference: 0.00142
    
     ── 2. Failure: Predictions with missing values - pstpm2+frailty (@test_missing.R
     max(abs(expr - value)) is not strictly less than `eps`. Difference: 0.00142
    
     ══ testthat results ═══════════════════════════════════════════════════════════
     OK: 46 SKIPPED: 0 FAILED: 2
     1. Failure: Predictions with missing values - pstpm2+frailty (@test_missing.R#227)
     2. Failure: Predictions with missing values - pstpm2+frailty (@test_missing.R#227)
    
     Error: testthat unit tests failed
     Execution halted
Flavor: r-release-osx-x86_64