Last updated on 2019-07-03 01:47:39 CEST.
Flavor | Version | Tinstall | Tcheck | Ttotal | Status | Flags |
---|---|---|---|---|---|---|
r-devel-linux-x86_64-debian-clang | 0.3.1.1.0 | 109.18 | 53.85 | 163.03 | OK | |
r-devel-linux-x86_64-debian-gcc | 0.3.1.1.0 | 107.33 | 44.11 | 151.44 | OK | |
r-devel-linux-x86_64-fedora-clang | 0.3.1.1.0 | 252.33 | NOTE | |||
r-devel-linux-x86_64-fedora-gcc | 0.3.1.1.0 | 231.52 | OK | |||
r-devel-windows-ix86+x86_64 | 0.3.1.1.0 | 237.00 | 161.00 | 398.00 | NOTE | |
r-patched-linux-x86_64 | 0.3.1.1.0 | 122.40 | 55.59 | 177.99 | OK | |
r-patched-solaris-x86 | 0.3.1.1.0 | 216.20 | NOTE | |||
r-release-linux-x86_64 | 0.3.1.1.0 | 114.32 | 55.47 | 169.79 | OK | |
r-release-windows-ix86+x86_64 | 0.3.1.1.0 | 228.00 | 149.00 | 377.00 | NOTE | |
r-release-osx-x86_64 | 0.3.1.1.0 | NOTE | ||||
r-oldrel-windows-ix86+x86_64 | 0.3.1.1.0 | 222.00 | 117.00 | 339.00 | NOTE | |
r-oldrel-osx-x86_64 | 0.3.1.1.0 | NOTE |
Version: 0.3.1.1.0
Check: installed package size
Result: NOTE
installed size is 41.6Mb
sub-directories of 1Mb or more:
include 2.6Mb
libs 38.7Mb
Flavors: r-devel-linux-x86_64-fedora-clang, r-devel-windows-ix86+x86_64, r-patched-solaris-x86, r-release-windows-ix86+x86_64, r-release-osx-x86_64, r-oldrel-windows-ix86+x86_64, r-oldrel-osx-x86_64