CRAN Package Check Results for Package seawaveQ

Last updated on 2019-07-03 01:47:39 CEST.

Flavor Version Tinstall Tcheck Ttotal Status Flags
r-devel-linux-x86_64-debian-clang 1.0.0 9.55 76.60 86.15 NOTE
r-devel-linux-x86_64-debian-gcc 1.0.0 6.95 60.58 67.53 NOTE
r-devel-linux-x86_64-fedora-clang 1.0.0 111.78 NOTE
r-devel-linux-x86_64-fedora-gcc 1.0.0 112.18 NOTE
r-devel-windows-ix86+x86_64 1.0.0 18.00 125.00 143.00 NOTE
r-patched-linux-x86_64 1.0.0 8.62 74.88 83.50 NOTE
r-patched-solaris-x86 1.0.0 162.00 NOTE
r-release-linux-x86_64 1.0.0 8.36 76.09 84.45 NOTE
r-release-windows-ix86+x86_64 1.0.0 18.00 129.00 147.00 NOTE
r-release-osx-x86_64 1.0.0 NOTE
r-oldrel-windows-ix86+x86_64 1.0.0 12.00 107.00 119.00 NOTE
r-oldrel-osx-x86_64 1.0.0 NOTE

Check Details

Version: 1.0.0
Check: DESCRIPTION meta-information
Result: NOTE
    Malformed Description field: should contain one or more complete sentences.
Flavors: r-devel-linux-x86_64-debian-clang, r-devel-linux-x86_64-debian-gcc, r-devel-linux-x86_64-fedora-clang, r-devel-linux-x86_64-fedora-gcc, r-devel-windows-ix86+x86_64, r-patched-linux-x86_64, r-patched-solaris-x86, r-release-linux-x86_64, r-release-windows-ix86+x86_64, r-release-osx-x86_64, r-oldrel-windows-ix86+x86_64, r-oldrel-osx-x86_64

Version: 1.0.0
Check: dependencies in R code
Result: NOTE
    Packages in Depends field not imported from:
     'NADA' 'lubridate' 'survival'
     These packages need to be imported from (in the NAMESPACE file)
     for when this namespace is loaded but not attached.
Flavors: r-devel-linux-x86_64-debian-clang, r-devel-linux-x86_64-debian-gcc, r-devel-linux-x86_64-fedora-clang, r-devel-linux-x86_64-fedora-gcc, r-devel-windows-ix86+x86_64, r-patched-linux-x86_64, r-patched-solaris-x86, r-release-linux-x86_64, r-release-windows-ix86+x86_64, r-release-osx-x86_64, r-oldrel-windows-ix86+x86_64, r-oldrel-osx-x86_64

Version: 1.0.0
Check: R code for possible problems
Result: NOTE
    cenScatPlot: no visible global function definition for 'plot'
    cenScatPlot: no visible global function definition for 'points'
    cenScatPlot: no visible global function definition for 'legend'
    cenScatPlot: no visible global function definition for 'title'
    fitMod: no visible global function definition for 'supsmu'
    fitMod: no visible global function definition for 'survreg'
    fitMod: no visible global function definition for 'extractAIC'
    fitMod: no visible global function definition for 'sessionInfo'
    fitswavecav: no visible global function definition for 'year'
    fitswavecav: no visible global function definition for 'quantile'
    prepData: no visible global function definition for 'year'
    prepData: no visible global function definition for 'month'
    prepData: no visible global function definition for 'day'
    rosBoxPlot: no visible global function definition for 'ros'
    rosBoxPlot: no visible global function definition for 'boxplot'
    rosBoxPlot: no visible global function definition for 'title'
    seawaveQPlots: no visible global function definition for 'pdf'
    seawaveQPlots: no visible global function definition for 'par'
    seawaveQPlots: no visible global function definition for 'qnorm'
    seawaveQPlots: no visible global function definition for 'runif'
    seawaveQPlots: no visible global function definition for 'pnorm'
    seawaveQPlots: no visible global function definition for 'plot'
    seawaveQPlots: no visible global function definition for 'points'
    seawaveQPlots: no visible global function definition for 'lines'
    seawaveQPlots: no visible global function definition for 'mtext'
    seawaveQPlots: no visible global function definition for 'text'
    seawaveQPlots: no visible global function definition for 'quantile'
    seawaveQPlots: no visible global function definition for 'dev.off'
    Undefined global functions or variables:
     boxplot day dev.off extractAIC legend lines month mtext par pdf plot
     pnorm points qnorm quantile ros runif sessionInfo supsmu survreg text
     title year
    Consider adding
     importFrom("grDevices", "dev.off", "pdf")
     importFrom("graphics", "boxplot", "legend", "lines", "mtext", "par",
     "plot", "points", "text", "title")
     importFrom("stats", "extractAIC", "pnorm", "qnorm", "quantile",
     "runif", "supsmu")
     importFrom("utils", "sessionInfo")
    to your NAMESPACE file.
Flavors: r-devel-linux-x86_64-debian-clang, r-devel-linux-x86_64-debian-gcc, r-devel-linux-x86_64-fedora-clang, r-devel-linux-x86_64-fedora-gcc, r-devel-windows-ix86+x86_64, r-patched-linux-x86_64, r-patched-solaris-x86, r-release-linux-x86_64, r-release-windows-ix86+x86_64, r-release-osx-x86_64, r-oldrel-windows-ix86+x86_64, r-oldrel-osx-x86_64

Version: 1.0.0
Check: for non-standard things in the check directory
Result: NOTE
    Found the following files/directories:
     'examplePlots0404104041.pdf' 'myfit104035.pdf' 'myfit104037.pdf'
     'myfit104041.pdf' 'myfit1_survregCall.txt' 'myfit304041.pdf'
     'myfit3_survregCall.txt'
Flavors: r-devel-linux-x86_64-debian-clang, r-devel-linux-x86_64-debian-gcc, r-devel-linux-x86_64-fedora-clang, r-devel-linux-x86_64-fedora-gcc