Last updated on 2019-07-03 01:47:39 CEST.
Flavor | Version | Tinstall | Tcheck | Ttotal | Status | Flags |
---|---|---|---|---|---|---|
r-devel-linux-x86_64-debian-clang | 1.3.4 | 6.04 | 44.93 | 50.97 | OK | |
r-devel-linux-x86_64-debian-gcc | 1.3.4 | 5.70 | 36.00 | 41.70 | OK | |
r-devel-linux-x86_64-fedora-clang | 1.3.4 | 63.62 | NOTE | |||
r-devel-linux-x86_64-fedora-gcc | 1.3.4 | 67.16 | NOTE | |||
r-devel-windows-ix86+x86_64 | 1.3.4 | 15.00 | 57.00 | 72.00 | OK | |
r-patched-linux-x86_64 | 1.3.4 | 5.82 | 44.26 | 50.08 | OK | |
r-patched-solaris-x86 | 1.3.4 | 100.30 | NOTE | |||
r-release-linux-x86_64 | 1.3.4 | 5.71 | 44.15 | 49.86 | OK | |
r-release-windows-ix86+x86_64 | 1.3.4 | 15.00 | 62.00 | 77.00 | OK | |
r-release-osx-x86_64 | 1.3.4 | NOTE | ||||
r-oldrel-windows-ix86+x86_64 | 1.3.4 | 8.00 | 57.00 | 65.00 | OK | |
r-oldrel-osx-x86_64 | 1.3.4 | NOTE |
Version: 1.3.4
Check: dependencies in R code
Result: NOTE
Namespaces in Imports field not imported from:
‘cluster’ ‘factoextra’ ‘tidyr’
All declared Imports should be used.
Flavors: r-devel-linux-x86_64-fedora-clang, r-devel-linux-x86_64-fedora-gcc, r-patched-solaris-x86, r-release-osx-x86_64, r-oldrel-osx-x86_64