Last updated on 2019-07-03 01:47:40 CEST.
Flavor | Version | Tinstall | Tcheck | Ttotal | Status | Flags |
---|---|---|---|---|---|---|
r-devel-linux-x86_64-debian-clang | 0.2.0 | 20.54 | 27.37 | 47.91 | OK | |
r-devel-linux-x86_64-debian-gcc | 0.2.0 | 16.71 | 22.25 | 38.96 | OK | |
r-devel-linux-x86_64-fedora-clang | 0.2.0 | 76.74 | NOTE | |||
r-devel-linux-x86_64-fedora-gcc | 0.2.0 | 74.44 | NOTE | |||
r-devel-windows-ix86+x86_64 | 0.2.0 | 52.00 | 75.00 | 127.00 | OK | |
r-patched-linux-x86_64 | 0.2.0 | 20.56 | 27.12 | 47.68 | OK | |
r-patched-solaris-x86 | 0.2.0 | 78.90 | OK | |||
r-release-linux-x86_64 | 0.2.0 | 20.91 | 27.20 | 48.11 | OK | |
r-release-windows-ix86+x86_64 | 0.2.0 | 78.00 | 77.00 | 155.00 | OK | |
r-release-osx-x86_64 | 0.2.0 | OK | ||||
r-oldrel-windows-ix86+x86_64 | 0.2.0 | 50.00 | 57.00 | 107.00 | OK | |
r-oldrel-osx-x86_64 | 0.2.0 | OK |
Version: 0.2.0
Check: compiled code
Result: NOTE
File ‘semver/libs/semver.so’:
Found no calls to: ‘R_registerRoutines’, ‘R_useDynamicSymbols’
It is good practice to register native routines and to disable symbol
search.
See ‘Writing portable packages’ in the ‘Writing R Extensions’ manual.
Flavors: r-devel-linux-x86_64-fedora-clang, r-devel-linux-x86_64-fedora-gcc