Last updated on 2019-07-03 01:47:40 CEST.
Flavor | Version | Tinstall | Tcheck | Ttotal | Status | Flags |
---|---|---|---|---|---|---|
r-devel-linux-x86_64-debian-clang | 0.1.0 | 1.96 | 26.72 | 28.68 | OK | |
r-devel-linux-x86_64-debian-gcc | 0.1.0 | 1.59 | 20.43 | 22.02 | OK | |
r-devel-linux-x86_64-fedora-clang | 0.1.0 | 35.70 | NOTE | |||
r-devel-linux-x86_64-fedora-gcc | 0.1.0 | 34.84 | NOTE | |||
r-devel-windows-ix86+x86_64 | 0.1.0 | 5.00 | 55.00 | 60.00 | OK | |
r-patched-linux-x86_64 | 0.1.0 | 1.61 | 26.03 | 27.64 | OK | |
r-patched-solaris-x86 | 0.1.0 | 49.80 | NOTE | |||
r-release-linux-x86_64 | 0.1.0 | 2.00 | 26.42 | 28.42 | OK | |
r-release-windows-ix86+x86_64 | 0.1.0 | 5.00 | 39.00 | 44.00 | OK | |
r-release-osx-x86_64 | 0.1.0 | NOTE | ||||
r-oldrel-windows-ix86+x86_64 | 0.1.0 | 3.00 | 39.00 | 42.00 | OK | |
r-oldrel-osx-x86_64 | 0.1.0 | NOTE |
Version: 0.1.0
Check: dependencies in R code
Result: NOTE
Namespaces in Imports field not imported from:
‘CARE1’ ‘LCMCR’ ‘coda’ ‘conting’ ‘dga’ ‘future’ ‘ggplot2’ ‘ipc’
‘promises’ ‘reshape’ ‘shinycssloaders’ ‘testthat’
All declared Imports should be used.
Flavors: r-devel-linux-x86_64-fedora-clang, r-devel-linux-x86_64-fedora-gcc, r-patched-solaris-x86, r-release-osx-x86_64, r-oldrel-osx-x86_64