CRAN Package Check Results for Package simmr

Last updated on 2019-07-03 01:47:40 CEST.

Flavor Version Tinstall Tcheck Ttotal Status Flags
r-devel-linux-x86_64-debian-clang 0.4.0 6.12 315.87 321.99 OK
r-devel-linux-x86_64-debian-gcc 0.4.0 5.25 225.99 231.24 OK
r-devel-linux-x86_64-fedora-clang 0.4.0 420.25 NOTE
r-devel-linux-x86_64-fedora-gcc 0.4.0 432.91 NOTE
r-devel-windows-ix86+x86_64 0.4.0 14.00 437.00 451.00 OK
r-patched-linux-x86_64 0.4.0 6.60 307.58 314.18 OK
r-patched-solaris-x86 0.4.0 964.50 NOTE
r-release-linux-x86_64 0.4.0 6.51 299.86 306.37 OK
r-release-windows-ix86+x86_64 0.4.0 15.00 416.00 431.00 OK
r-release-osx-x86_64 0.4.0 NOTE
r-oldrel-windows-ix86+x86_64 0.4.0 10.00 342.00 352.00 OK
r-oldrel-osx-x86_64 0.4.0 NOTE

Check Details

Version: 0.4.0
Check: dependencies in R code
Result: NOTE
    Namespace in Imports field not imported from: ‘coda’
     All declared Imports should be used.
Flavors: r-devel-linux-x86_64-fedora-clang, r-devel-linux-x86_64-fedora-gcc, r-patched-solaris-x86, r-release-osx-x86_64, r-oldrel-osx-x86_64