CRAN Package Check Results for Package sizeMat

Last updated on 2019-07-03 01:47:40 CEST.

Flavor Version Tinstall Tcheck Ttotal Status Flags
r-devel-linux-x86_64-debian-clang 1.0.0 8.39 91.71 100.10 OK
r-devel-linux-x86_64-debian-gcc 1.0.0 6.26 73.48 79.74 OK
r-devel-linux-x86_64-fedora-clang 1.0.0 130.81 NOTE
r-devel-linux-x86_64-fedora-gcc 1.0.0 152.75 NOTE
r-devel-windows-ix86+x86_64 1.0.0 14.00 147.00 161.00 OK
r-patched-linux-x86_64 1.0.0 7.00 90.96 97.96 OK
r-patched-solaris-x86 1.0.0 197.40 NOTE
r-release-linux-x86_64 1.0.0 6.62 92.25 98.87 OK
r-release-windows-ix86+x86_64 1.0.0 15.00 135.00 150.00 OK
r-release-osx-x86_64 1.0.0 NOTE
r-oldrel-windows-ix86+x86_64 1.0.0 9.00 100.00 109.00 OK
r-oldrel-osx-x86_64 1.0.0 NOTE

Check Details

Version: 1.0.0
Check: dependencies in R code
Result: NOTE
    Namespace in Imports field not imported from: ‘mcmc’
     All declared Imports should be used.
Flavors: r-devel-linux-x86_64-fedora-clang, r-devel-linux-x86_64-fedora-gcc, r-patched-solaris-x86, r-release-osx-x86_64, r-oldrel-osx-x86_64