Last updated on 2019-07-03 01:47:40 CEST.
Flavor | Version | Tinstall | Tcheck | Ttotal | Status | Flags |
---|---|---|---|---|---|---|
r-devel-linux-x86_64-debian-clang | 0.4-3 | 2.44 | 21.38 | 23.82 | OK | |
r-devel-linux-x86_64-debian-gcc | 0.4-3 | 1.70 | 17.13 | 18.83 | OK | |
r-devel-linux-x86_64-fedora-clang | 0.4-3 | 32.14 | OK | |||
r-devel-linux-x86_64-fedora-gcc | 0.4-3 | 38.11 | OK | |||
r-devel-windows-ix86+x86_64 | 0.4-3 | 8.00 | 34.00 | 42.00 | OK | |
r-patched-linux-x86_64 | 0.4-3 | 2.35 | 21.53 | 23.88 | OK | |
r-patched-solaris-x86 | 0.4-3 | 45.50 | OK | |||
r-release-linux-x86_64 | 0.4-3 | 2.32 | 21.43 | 23.75 | OK | |
r-release-windows-ix86+x86_64 | 0.4-3 | 5.00 | 48.00 | 53.00 | OK | |
r-release-osx-x86_64 | 0.4-3 | NOTE | ||||
r-oldrel-windows-ix86+x86_64 | 0.4-3 | 4.00 | 52.00 | 56.00 | OK | |
r-oldrel-osx-x86_64 | 0.4-3 | NOTE |
Version: 0.4-3
Check: package dependencies
Result: NOTE
Package suggested but not available for checking: ‘Rmpi’
Flavors: r-release-osx-x86_64, r-oldrel-osx-x86_64