Last updated on 2019-07-03 01:47:41 CEST.
Flavor | Version | Tinstall | Tcheck | Ttotal | Status | Flags |
---|---|---|---|---|---|---|
r-devel-linux-x86_64-debian-clang | 1.0 | 6.62 | 62.50 | 69.12 | NOTE | |
r-devel-linux-x86_64-debian-gcc | 1.0 | 6.53 | 47.83 | 54.36 | NOTE | |
r-devel-linux-x86_64-fedora-clang | 1.0 | 87.81 | NOTE | |||
r-devel-linux-x86_64-fedora-gcc | 1.0 | 114.67 | NOTE | |||
r-devel-windows-ix86+x86_64 | 1.0 | 15.00 | 92.00 | 107.00 | NOTE | |
r-patched-linux-x86_64 | 1.0 | 6.78 | 58.78 | 65.56 | NOTE | |
r-patched-solaris-x86 | 1.0 | 134.00 | NOTE | |||
r-release-linux-x86_64 | 1.0 | 7.67 | 59.69 | 67.36 | NOTE | |
r-release-windows-ix86+x86_64 | 1.0 | 15.00 | 101.00 | 116.00 | NOTE | |
r-release-osx-x86_64 | 1.0 | NOTE | ||||
r-oldrel-windows-ix86+x86_64 | 1.0 | 10.00 | 79.00 | 89.00 | NOTE | |
r-oldrel-osx-x86_64 | 1.0 | NOTE |
Version: 1.0
Check: R code for possible problems
Result: NOTE
gev.impute: no visible global function definition for 'rnorm'
gev.init: no visible global function definition for 'rbinom'
gev.init: no visible global function definition for 'var'
gev.init: no visible global function definition for 'optimize'
gev.logscore: no visible global function definition for 'density'
gev.logscore: no visible global function definition for 'splinefun'
gev.update.M: no visible global function definition for 'runif'
gev.update.hyper: no visible global function definition for 'rgamma'
gev.update.lambda: no visible global function definition for 'rnorm'
gev.update.lambda: no visible global function definition for 'dgamma'
gev.update.lambda: no visible global function definition for 'dnorm'
gev.update.lambda: no visible global function definition for 'runif'
gev.update.tau.kappa: no visible global function definition for 'rnorm'
gev.update.tau.kappa: no visible global function definition for 'dnorm'
gev.update.tau.kappa: no visible global function definition for 'runif'
gev.update.tau.mu: no visible global function definition for 'rnorm'
gev.update.tau.mu: no visible global function definition for 'dnorm'
gev.update.tau.mu: no visible global function definition for 'runif'
gev.update.tau.xi: no visible global function definition for 'rnorm'
gev.update.tau.xi: no visible global function definition for 'dnorm'
gev.update.tau.xi: no visible global function definition for 'runif'
gev.update.theta: no visible global function definition for 'rnorm'
gp.like.lambda: no visible global function definition for 'dgamma'
Undefined global functions or variables:
density dgamma dnorm optimize rbinom rgamma rnorm runif splinefun var
Consider adding
importFrom("stats", "density", "dgamma", "dnorm", "optimize", "rbinom",
"rgamma", "rnorm", "runif", "splinefun", "var")
to your NAMESPACE file.
Flavors: r-devel-linux-x86_64-debian-clang, r-devel-linux-x86_64-debian-gcc, r-devel-linux-x86_64-fedora-clang, r-devel-linux-x86_64-fedora-gcc, r-devel-windows-ix86+x86_64, r-patched-linux-x86_64, r-patched-solaris-x86, r-release-linux-x86_64, r-release-windows-ix86+x86_64, r-release-osx-x86_64, r-oldrel-windows-ix86+x86_64, r-oldrel-osx-x86_64