Last updated on 2019-07-03 01:47:41 CEST.
Flavor | Version | Tinstall | Tcheck | Ttotal | Status | Flags |
---|---|---|---|---|---|---|
r-devel-linux-x86_64-debian-clang | 1.2 | 33.90 | 265.99 | 299.89 | OK | |
r-devel-linux-x86_64-debian-gcc | 1.2 | 28.27 | 205.28 | 233.55 | OK | |
r-devel-linux-x86_64-fedora-clang | 1.2 | 372.29 | OK | |||
r-devel-linux-x86_64-fedora-gcc | 1.2 | 358.09 | OK | |||
r-devel-windows-ix86+x86_64 | 1.2 | 60.00 | 359.00 | 419.00 | OK | |
r-patched-linux-x86_64 | 1.2 | 30.64 | 259.17 | 289.81 | OK | |
r-patched-solaris-x86 | 1.2 | 524.60 | OK | |||
r-release-linux-x86_64 | 1.2 | 34.51 | 259.21 | 293.72 | OK | |
r-release-windows-ix86+x86_64 | 1.2 | 61.00 | 263.00 | 324.00 | OK | |
r-release-osx-x86_64 | 1.2 | WARN | ||||
r-oldrel-windows-ix86+x86_64 | 1.2 | 45.00 | 258.00 | 303.00 | OK | |
r-oldrel-osx-x86_64 | 1.2 | OK |
Version: 1.2
Check: whether package can be installed
Result: WARN
Found the following significant warnings:
Warning: 'rgl_init' failed, running with rgl.useNULL = TRUE
Flavor: r-release-osx-x86_64