Last updated on 2019-07-03 01:47:41 CEST.
Flavor | Version | Tinstall | Tcheck | Ttotal | Status | Flags |
---|---|---|---|---|---|---|
r-devel-linux-x86_64-debian-clang | 1.1-2 | 36.73 | 280.15 | 316.88 | OK | |
r-devel-linux-x86_64-debian-gcc | 1.1-2 | 29.27 | 217.92 | 247.19 | OK | |
r-devel-linux-x86_64-fedora-clang | 1.1-2 | 385.69 | OK | |||
r-devel-linux-x86_64-fedora-gcc | 1.1-2 | 373.50 | OK | |||
r-devel-windows-ix86+x86_64 | 1.1-2 | 71.00 | 508.00 | 579.00 | OK | |
r-patched-linux-x86_64 | 1.1-2 | 34.16 | 274.98 | 309.14 | OK | |
r-patched-solaris-x86 | 1.1-2 | 558.80 | OK | |||
r-release-linux-x86_64 | 1.1-2 | 34.65 | 277.57 | 312.22 | OK | |
r-release-windows-ix86+x86_64 | 1.1-2 | 67.00 | 490.00 | 557.00 | OK | |
r-release-osx-x86_64 | 1.1-2 | NOTE | ||||
r-oldrel-windows-ix86+x86_64 | 1.1-2 | 61.00 | 335.00 | 396.00 | OK | |
r-oldrel-osx-x86_64 | 1.1-2 | OK |
Version: 1.1-2
Check: package dependencies
Result: NOTE
Package suggested but not available for checking: ‘RSpectra’
Flavor: r-release-osx-x86_64