Last updated on 2019-07-03 01:47:41 CEST.
Flavor | Version | Tinstall | Tcheck | Ttotal | Status | Flags |
---|---|---|---|---|---|---|
r-devel-linux-x86_64-debian-clang | 0.3.4 | 10.20 | 103.91 | 114.11 | NOTE | |
r-devel-linux-x86_64-debian-gcc | 0.3.4 | 8.13 | 80.18 | 88.31 | NOTE | |
r-devel-linux-x86_64-fedora-clang | 0.3.4 | 144.07 | NOTE | |||
r-devel-linux-x86_64-fedora-gcc | 0.3.4 | 133.62 | NOTE | |||
r-devel-windows-ix86+x86_64 | 0.3.4 | 20.00 | 135.00 | 155.00 | OK | |
r-patched-linux-x86_64 | 0.3.4 | 8.99 | 99.11 | 108.10 | NOTE | |
r-patched-solaris-x86 | 0.3.4 | 196.70 | NOTE | |||
r-release-linux-x86_64 | 0.3.4 | 10.05 | 101.19 | 111.24 | NOTE | |
r-release-windows-ix86+x86_64 | 0.3.4 | 18.00 | 137.00 | 155.00 | OK | |
r-release-osx-x86_64 | 0.3.4 | OK | ||||
r-oldrel-windows-ix86+x86_64 | 0.3.4 | 12.00 | 125.00 | 137.00 | OK | |
r-oldrel-osx-x86_64 | 0.3.4 | OK |
Version: 0.3.4
Check: package dependencies
Result: NOTE
Package suggested but not available for checking: 'MonetDBLite'
Flavors: r-devel-linux-x86_64-debian-clang, r-devel-linux-x86_64-debian-gcc, r-devel-linux-x86_64-fedora-clang, r-devel-linux-x86_64-fedora-gcc, r-patched-linux-x86_64, r-patched-solaris-x86, r-release-linux-x86_64