Last updated on 2019-07-03 01:47:41 CEST.
Flavor | Version | Tinstall | Tcheck | Ttotal | Status | Flags |
---|---|---|---|---|---|---|
r-devel-linux-x86_64-debian-clang | 1.0.0 | 13.89 | 96.60 | 110.49 | OK | |
r-devel-linux-x86_64-debian-gcc | 1.0.0 | 12.84 | 75.15 | 87.99 | OK | |
r-devel-linux-x86_64-fedora-clang | 1.0.0 | 137.70 | NOTE | |||
r-devel-linux-x86_64-fedora-gcc | 1.0.0 | 126.78 | NOTE | |||
r-devel-windows-ix86+x86_64 | 1.0.0 | 24.00 | 147.00 | 171.00 | OK | |
r-patched-linux-x86_64 | 1.0.0 | 13.13 | 94.02 | 107.15 | OK | |
r-patched-solaris-x86 | 1.0.0 | 166.10 | NOTE | |||
r-release-linux-x86_64 | 1.0.0 | 14.76 | 95.28 | 110.04 | OK | |
r-release-windows-ix86+x86_64 | 1.0.0 | 23.00 | 146.00 | 169.00 | OK | |
r-release-osx-x86_64 | 1.0.0 | NOTE | ||||
r-oldrel-windows-ix86+x86_64 | 1.0.0 | 21.00 | 105.00 | 126.00 | OK | |
r-oldrel-osx-x86_64 | 1.0.0 | NOTE |
Version: 1.0.0
Check: dependencies in R code
Result: NOTE
Namespace in Imports field not imported from: ‘shinydashboard’
All declared Imports should be used.
Flavors: r-devel-linux-x86_64-fedora-clang, r-devel-linux-x86_64-fedora-gcc, r-patched-solaris-x86, r-release-osx-x86_64, r-oldrel-osx-x86_64