Last updated on 2019-07-03 01:47:42 CEST.
Flavor | Version | Tinstall | Tcheck | Ttotal | Status | Flags |
---|---|---|---|---|---|---|
r-devel-linux-x86_64-debian-clang | 0.3-1 | 10.07 | 211.33 | 221.40 | NOTE | |
r-devel-linux-x86_64-debian-gcc | 0.3-1 | 7.28 | 160.47 | 167.75 | NOTE | |
r-devel-linux-x86_64-fedora-clang | 0.3-1 | 260.96 | NOTE | |||
r-devel-linux-x86_64-fedora-gcc | 0.3-1 | 270.87 | NOTE | |||
r-devel-windows-ix86+x86_64 | 0.3-1 | 19.00 | 240.00 | 259.00 | NOTE | |
r-patched-linux-x86_64 | 0.3-1 | 9.36 | 204.32 | 213.68 | NOTE | |
r-patched-solaris-x86 | 0.3-1 | 417.70 | NOTE | |||
r-release-linux-x86_64 | 0.3-1 | 9.77 | 209.47 | 219.24 | NOTE | |
r-release-windows-ix86+x86_64 | 0.3-1 | 19.00 | 247.00 | 266.00 | NOTE | |
r-release-osx-x86_64 | 0.3-1 | NOTE | ||||
r-oldrel-windows-ix86+x86_64 | 0.3-1 | 16.00 | 235.00 | 251.00 | NOTE | |
r-oldrel-osx-x86_64 | 0.3-1 | NOTE |
Version: 0.3-1
Check: package dependencies
Result: NOTE
Package suggested but not available for checking: 'starsdata'
Flavors: r-devel-linux-x86_64-debian-clang, r-devel-linux-x86_64-debian-gcc, r-devel-linux-x86_64-fedora-clang, r-devel-linux-x86_64-fedora-gcc, r-devel-windows-ix86+x86_64, r-patched-linux-x86_64, r-patched-solaris-x86, r-release-linux-x86_64, r-release-windows-ix86+x86_64, r-release-osx-x86_64, r-oldrel-windows-ix86+x86_64, r-oldrel-osx-x86_64
Version: 0.3-1
Check: installed package size
Result: NOTE
installed size is 16.0Mb
sub-directories of 1Mb or more:
doc 10.5Mb
nc 4.2Mb
Flavors: r-devel-linux-x86_64-fedora-clang, r-devel-windows-ix86+x86_64, r-patched-solaris-x86, r-release-windows-ix86+x86_64, r-release-osx-x86_64, r-oldrel-windows-ix86+x86_64, r-oldrel-osx-x86_64