Last updated on 2019-07-03 01:47:42 CEST.
Flavor | Version | Tinstall | Tcheck | Ttotal | Status | Flags |
---|---|---|---|---|---|---|
r-devel-linux-x86_64-debian-clang | 1.3 | 2.04 | 60.51 | 62.55 | NOTE | |
r-devel-linux-x86_64-debian-gcc | 1.3 | 1.67 | 78.28 | 79.95 | NOTE | |
r-devel-linux-x86_64-fedora-clang | 1.3 | 59.37 | NOTE | |||
r-devel-linux-x86_64-fedora-gcc | 1.3 | 58.89 | NOTE | |||
r-devel-windows-ix86+x86_64 | 1.3 | 5.00 | 64.00 | 69.00 | OK | |
r-patched-linux-x86_64 | 1.3 | 1.73 | 59.73 | 61.46 | OK | |
r-patched-solaris-x86 | 1.3 | 67.90 | NOTE | |||
r-release-linux-x86_64 | 1.3 | 2.02 | 58.97 | 60.99 | OK | |
r-release-windows-ix86+x86_64 | 1.3 | 6.00 | 77.00 | 83.00 | OK | |
r-release-osx-x86_64 | 1.3 | NOTE | ||||
r-oldrel-windows-ix86+x86_64 | 1.3 | 3.00 | 49.00 | 52.00 | OK | |
r-oldrel-osx-x86_64 | 1.3 | NOTE |
Version: 1.3
Check: for non-standard things in the check directory
Result: NOTE
Found the following files/directories:
'corrviz.html'
Flavors: r-devel-linux-x86_64-debian-clang, r-devel-linux-x86_64-debian-gcc, r-devel-linux-x86_64-fedora-clang, r-devel-linux-x86_64-fedora-gcc
Version: 1.3
Check: dependencies in R code
Result: NOTE
Namespaces in Imports field not imported from:
‘SnowballC’ ‘tm’
All declared Imports should be used.
Flavors: r-devel-linux-x86_64-fedora-clang, r-devel-linux-x86_64-fedora-gcc, r-patched-solaris-x86, r-release-osx-x86_64, r-oldrel-osx-x86_64