CRAN Package Check Results for Package stream

Last updated on 2019-07-03 01:47:42 CEST.

Flavor Version Tinstall Tcheck Ttotal Status Flags
r-devel-linux-x86_64-debian-clang 1.3-1 124.72 179.79 304.51 WARN
r-devel-linux-x86_64-debian-gcc 1.3-1 98.50 134.22 232.72 OK
r-devel-linux-x86_64-fedora-clang 1.3-1 427.79 WARN
r-devel-linux-x86_64-fedora-gcc 1.3-1 385.38 OK
r-devel-windows-ix86+x86_64 1.3-1 278.00 281.00 559.00 NOTE
r-patched-linux-x86_64 1.3-1 117.87 170.76 288.63 OK
r-patched-solaris-x86 1.3-1 404.10 OK
r-release-linux-x86_64 1.3-1 113.85 174.64 288.49 OK
r-release-windows-ix86+x86_64 1.3-1 274.00 301.00 575.00 NOTE
r-release-osx-x86_64 1.3-1 WARN
r-oldrel-windows-ix86+x86_64 1.3-1 268.00 283.00 551.00 NOTE
r-oldrel-osx-x86_64 1.3-1 WARN

Check Details

Version: 1.3-1
Check: whether package can be installed
Result: WARN
    Found the following significant warnings:
     BIRCH/CFTree.cpp:18:6: warning: 'this' pointer cannot be null in well-defined C++ code; comparison may be assumed to always evaluate to true [-Wtautological-undefined-compare]
Flavors: r-devel-linux-x86_64-debian-clang, r-devel-linux-x86_64-fedora-clang, r-release-osx-x86_64, r-oldrel-osx-x86_64

Version: 1.3-1
Check: installed package size
Result: NOTE
     installed size is 12.3Mb
     sub-directories of 1Mb or more:
     doc 1.6Mb
     libs 10.0Mb
Flavors: r-devel-linux-x86_64-fedora-clang, r-devel-windows-ix86+x86_64, r-release-windows-ix86+x86_64, r-release-osx-x86_64, r-oldrel-windows-ix86+x86_64, r-oldrel-osx-x86_64