CRAN Package Check Results for Package stringi

Last updated on 2019-07-03 01:47:42 CEST.

Flavor Version Tinstall Tcheck Ttotal Status Flags
r-devel-linux-x86_64-debian-clang 1.4.3 93.82 52.53 146.35 OK
r-devel-linux-x86_64-debian-gcc 1.4.3 62.28 41.15 103.43 OK
r-devel-linux-x86_64-fedora-clang 1.4.3 246.50 NOTE
r-devel-linux-x86_64-fedora-gcc 1.4.3 176.20 OK
r-devel-windows-ix86+x86_64 1.4.3 12.00 5.00 17.00 ERROR
r-patched-linux-x86_64 1.4.3 82.62 50.92 133.54 OK
r-patched-solaris-x86 1.4.3 834.30 NOTE
r-release-linux-x86_64 1.4.3 81.79 52.23 134.02 OK
r-release-windows-ix86+x86_64 1.4.3 1183.00 152.00 1335.00 NOTE
r-release-osx-x86_64 1.4.3 NOTE
r-oldrel-windows-ix86+x86_64 1.4.3 1184.00 136.00 1320.00 NOTE
r-oldrel-osx-x86_64 1.4.3 NOTE

Additional issues

clang-UBSAN gcc-UBSAN rchk

Check Details

Version: 1.4.3
Check: installed package size
Result: NOTE
     installed size is 5.3Mb
     sub-directories of 1Mb or more:
     libs 4.6Mb
Flavors: r-devel-linux-x86_64-fedora-clang, r-patched-solaris-x86, r-release-windows-ix86+x86_64, r-release-osx-x86_64, r-oldrel-windows-ix86+x86_64, r-oldrel-osx-x86_64

Version: 1.4.3
Check: whether package can be installed
Result: ERROR
    Installation failed.
Flavor: r-devel-windows-ix86+x86_64