Last updated on 2019-07-03 01:47:42 CEST.
Flavor | Version | Tinstall | Tcheck | Ttotal | Status | Flags |
---|---|---|---|---|---|---|
r-devel-linux-x86_64-debian-clang | 1.1 | 2.12 | 20.27 | 22.39 | NOTE | |
r-devel-linux-x86_64-debian-gcc | 1.1 | 1.61 | 16.05 | 17.66 | NOTE | |
r-devel-linux-x86_64-fedora-clang | 1.1 | 28.58 | NOTE | |||
r-devel-linux-x86_64-fedora-gcc | 1.1 | 26.03 | NOTE | |||
r-devel-windows-ix86+x86_64 | 1.1 | 5.00 | 49.00 | 54.00 | NOTE | |
r-patched-linux-x86_64 | 1.1 | 1.86 | 19.54 | 21.40 | NOTE | |
r-patched-solaris-x86 | 1.1 | 42.70 | NOTE | |||
r-release-linux-x86_64 | 1.1 | 1.99 | 19.62 | 21.61 | NOTE | |
r-release-windows-ix86+x86_64 | 1.1 | 5.00 | 44.00 | 49.00 | NOTE | |
r-release-osx-x86_64 | 1.1 | NOTE | ||||
r-oldrel-windows-ix86+x86_64 | 1.1 | 3.00 | 32.00 | 35.00 | NOTE | |
r-oldrel-osx-x86_64 | 1.1 | NOTE |
Version: 1.1
Check: dependencies in R code
Result: NOTE
Packages in Depends field not imported from:
'boa' 'coda'
These packages need to be imported from (in the NAMESPACE file)
for when this namespace is loaded but not attached.
Flavors: r-devel-linux-x86_64-debian-clang, r-devel-linux-x86_64-debian-gcc, r-devel-linux-x86_64-fedora-clang, r-devel-linux-x86_64-fedora-gcc, r-devel-windows-ix86+x86_64, r-patched-linux-x86_64, r-patched-solaris-x86, r-release-linux-x86_64, r-release-windows-ix86+x86_64, r-release-osx-x86_64, r-oldrel-windows-ix86+x86_64, r-oldrel-osx-x86_64
Version: 1.1
Check: R code for possible problems
Result: NOTE
superdiag: no visible global function definition for 'as.mcmc.list'
superdiag: no visible global function definition for 'as.mcmc'
superdiag: no visible global function definition for 'runif'
superdiag: no visible global function definition for 'geweke.diag'
superdiag: no visible global function definition for 'heidel.diag'
superdiag: no visible global function definition for 'raftery.diag'
superdiag: no visible global function definition for 'gelman.diag'
Undefined global functions or variables:
as.mcmc as.mcmc.list gelman.diag geweke.diag heidel.diag raftery.diag
runif
Consider adding
importFrom("stats", "runif")
to your NAMESPACE file.
Flavors: r-devel-linux-x86_64-debian-clang, r-devel-linux-x86_64-debian-gcc, r-devel-linux-x86_64-fedora-clang, r-devel-linux-x86_64-fedora-gcc, r-devel-windows-ix86+x86_64, r-patched-linux-x86_64, r-patched-solaris-x86, r-release-linux-x86_64, r-release-windows-ix86+x86_64, r-release-osx-x86_64, r-oldrel-windows-ix86+x86_64, r-oldrel-osx-x86_64