Last updated on 2019-07-03 01:47:42 CEST.
Flavor | Version | Tinstall | Tcheck | Ttotal | Status | Flags |
---|---|---|---|---|---|---|
r-devel-linux-x86_64-debian-clang | 0.9-4 | 1.91 | 20.47 | 22.38 | NOTE | |
r-devel-linux-x86_64-debian-gcc | 0.9-4 | 1.66 | 17.31 | 18.97 | NOTE | |
r-devel-linux-x86_64-fedora-clang | 0.9-4 | 32.80 | NOTE | |||
r-devel-linux-x86_64-fedora-gcc | 0.9-4 | 27.67 | NOTE | |||
r-devel-windows-ix86+x86_64 | 0.9-4 | 5.00 | 51.00 | 56.00 | NOTE | |
r-patched-linux-x86_64 | 0.9-4 | 2.14 | 20.85 | 22.99 | NOTE | |
r-patched-solaris-x86 | 0.9-4 | 49.20 | NOTE | |||
r-release-linux-x86_64 | 0.9-4 | 2.00 | 21.62 | 23.62 | NOTE | |
r-release-windows-ix86+x86_64 | 0.9-4 | 5.00 | 62.00 | 67.00 | NOTE | |
r-release-osx-x86_64 | 0.9-4 | NOTE | ||||
r-oldrel-windows-ix86+x86_64 | 0.9-4 | 2.00 | 33.00 | 35.00 | NOTE | |
r-oldrel-osx-x86_64 | 0.9-4 | NOTE |
Version: 0.9-4
Check: DESCRIPTION meta-information
Result: NOTE
Malformed Description field: should contain one or more complete sentences.
Flavors: r-devel-linux-x86_64-debian-clang, r-devel-linux-x86_64-debian-gcc, r-devel-linux-x86_64-fedora-clang, r-devel-linux-x86_64-fedora-gcc, r-devel-windows-ix86+x86_64, r-patched-linux-x86_64, r-patched-solaris-x86, r-release-linux-x86_64, r-release-windows-ix86+x86_64, r-release-osx-x86_64, r-oldrel-windows-ix86+x86_64, r-oldrel-osx-x86_64
Version: 0.9-4
Check: R code for possible problems
Result: NOTE
dlgMessage.tcltkGUI: no visible global function definition for 'alarm'
Undefined global functions or variables:
alarm
Consider adding
importFrom("utils", "alarm")
to your NAMESPACE file.
Flavors: r-devel-linux-x86_64-debian-clang, r-devel-linux-x86_64-debian-gcc, r-devel-linux-x86_64-fedora-clang, r-devel-linux-x86_64-fedora-gcc, r-patched-linux-x86_64, r-patched-solaris-x86, r-release-linux-x86_64, r-release-osx-x86_64, r-oldrel-osx-x86_64
Version: 0.9-4
Check: R code for possible problems
Result: NOTE
dlgMessage.tcltkGUI: no visible global function definition for 'alarm'
dlgMessage.tcltkGUI: no visible global function definition for
'bringToTop'
Undefined global functions or variables:
alarm bringToTop
Consider adding
importFrom("grDevices", "bringToTop")
importFrom("utils", "alarm")
to your NAMESPACE file.
Flavors: r-devel-windows-ix86+x86_64, r-release-windows-ix86+x86_64, r-oldrel-windows-ix86+x86_64