CRAN Package Check Results for Package swamp

Last updated on 2019-07-03 01:47:42 CEST.

Flavor Version Tinstall Tcheck Ttotal Status Flags
r-devel-linux-x86_64-debian-clang 1.4.1 3.41 44.42 47.83 OK
r-devel-linux-x86_64-debian-gcc 1.4.1 2.40 34.85 37.25 OK
r-devel-linux-x86_64-fedora-clang 1.4.1 61.08 OK
r-devel-linux-x86_64-fedora-gcc 1.4.1 51.89 OK
r-devel-windows-ix86+x86_64 1.4.1 7.00 69.00 76.00 OK
r-patched-linux-x86_64 1.4.1 3.14 43.61 46.75 OK
r-patched-solaris-x86 1.4.1 82.70 OK
r-release-linux-x86_64 1.4.1 3.08 44.11 47.19 OK
r-release-windows-ix86+x86_64 1.4.1 6.00 71.00 77.00 OK
r-release-osx-x86_64 1.4.1 ERROR
r-oldrel-windows-ix86+x86_64 1.4.1 5.00 58.00 63.00 OK
r-oldrel-osx-x86_64 1.4.1 OK

Check Details

Version: 1.4.1
Check: package dependencies
Result: ERROR
    Package required but not available: ‘impute’
    
    See section ‘The DESCRIPTION file’ in the ‘Writing R Extensions’
    manual.
Flavor: r-release-osx-x86_64