Last updated on 2019-07-03 01:47:42 CEST.
Flavor | Version | Tinstall | Tcheck | Ttotal | Status | Flags |
---|---|---|---|---|---|---|
r-devel-linux-x86_64-debian-clang | 0.2.1.1 | 4.91 | 133.33 | 138.24 | OK | |
r-devel-linux-x86_64-debian-gcc | 0.2.1.1 | 4.70 | 101.55 | 106.25 | OK | |
r-devel-linux-x86_64-fedora-clang | 0.2.1.1 | 183.06 | NOTE | |||
r-devel-linux-x86_64-fedora-gcc | 0.2.1.1 | 163.02 | NOTE | |||
r-devel-windows-ix86+x86_64 | 0.2.1.1 | 12.00 | 156.00 | 168.00 | OK | |
r-patched-linux-x86_64 | 0.2.1.1 | 5.81 | 132.26 | 138.07 | OK | |
r-patched-solaris-x86 | 0.2.1.1 | 4.50 | ERROR | |||
r-release-linux-x86_64 | 0.2.1.1 | 5.35 | 132.98 | 138.33 | OK | |
r-release-windows-ix86+x86_64 | 0.2.1.1 | 13.00 | 217.00 | 230.00 | OK | |
r-release-osx-x86_64 | 0.2.1.1 | NOTE | ||||
r-oldrel-windows-ix86+x86_64 | 0.2.1.1 | 8.00 | 148.00 | 156.00 | OK | |
r-oldrel-osx-x86_64 | 0.2.1.1 | NOTE |
Version: 0.2.1.1
Check: dependencies in R code
Result: NOTE
Namespaces in Imports field not imported from:
‘devtools’ ‘lazyeval’ ‘lubridate’ ‘tidyr’
All declared Imports should be used.
Flavors: r-devel-linux-x86_64-fedora-clang, r-devel-linux-x86_64-fedora-gcc, r-release-osx-x86_64, r-oldrel-osx-x86_64
Version: 0.2.1.1
Check: package dependencies
Result: ERROR
Packages required but not available: 'devtools', 'timetk'
Package suggested but not available for checking: ‘tidyquant’
See section ‘The DESCRIPTION file’ in the ‘Writing R Extensions’
manual.
Flavor: r-patched-solaris-x86