CRAN Package Check Results for Package sylly

Last updated on 2019-07-03 01:47:43 CEST.

Flavor Version Tinstall Tcheck Ttotal Status Flags
r-devel-linux-x86_64-debian-clang 0.1-5 3.45 31.04 34.49 NOTE
r-devel-linux-x86_64-debian-gcc 0.1-5 3.28 25.49 28.77 NOTE
r-devel-linux-x86_64-fedora-clang 0.1-5 49.99 NOTE
r-devel-linux-x86_64-fedora-gcc 0.1-5 41.52 NOTE
r-devel-windows-ix86+x86_64 0.1-5 8.00 58.00 66.00 NOTE
r-patched-linux-x86_64 0.1-5 3.21 31.36 34.57 NOTE
r-patched-solaris-x86 0.1-5 65.70 NOTE
r-release-linux-x86_64 0.1-5 3.42 31.37 34.79 NOTE
r-release-windows-ix86+x86_64 0.1-5 7.00 65.00 72.00 NOTE
r-release-osx-x86_64 0.1-5 NOTE
r-oldrel-windows-ix86+x86_64 0.1-5 6.00 45.00 51.00 NOTE
r-oldrel-osx-x86_64 0.1-5 NOTE

Check Details

Version: 0.1-5
Check: package dependencies
Result: NOTE
    Packages suggested but not available for checking: 'sylly.de', 'sylly.es'
Flavors: r-devel-linux-x86_64-debian-clang, r-devel-linux-x86_64-debian-gcc, r-devel-linux-x86_64-fedora-clang, r-devel-linux-x86_64-fedora-gcc, r-devel-windows-ix86+x86_64, r-patched-linux-x86_64, r-patched-solaris-x86, r-release-linux-x86_64, r-release-windows-ix86+x86_64, r-release-osx-x86_64

Version: 0.1-5
Check: package dependencies
Result: NOTE
    Packages suggested but not available for checking: 'sylly.de' 'sylly.es'
Flavors: r-oldrel-windows-ix86+x86_64, r-oldrel-osx-x86_64