CRAN Package Check Results for Package taxlist

Last updated on 2019-07-03 01:47:43 CEST.

Flavor Version Tinstall Tcheck Ttotal Status Flags
r-devel-linux-x86_64-debian-clang 0.1.6 8.16 59.95 68.11 OK
r-devel-linux-x86_64-debian-gcc 0.1.6 6.67 46.56 53.23 OK
r-devel-linux-x86_64-fedora-clang 0.1.6 94.48 NOTE
r-devel-linux-x86_64-fedora-gcc 0.1.6 77.85 NOTE
r-devel-windows-ix86+x86_64 0.1.6 16.00 84.00 100.00 OK
r-patched-linux-x86_64 0.1.6 7.43 57.47 64.90 OK
r-patched-solaris-x86 0.1.6 128.90 NOTE
r-release-linux-x86_64 0.1.6 8.18 58.30 66.48 OK
r-release-windows-ix86+x86_64 0.1.6 19.00 128.00 147.00 OK
r-release-osx-x86_64 0.1.6 NOTE
r-oldrel-windows-ix86+x86_64 0.1.6 11.00 79.00 90.00 OK
r-oldrel-osx-x86_64 0.1.6 NOTE

Check Details

Version: 0.1.6
Check: dependencies in R code
Result: NOTE
    Namespace in Imports field not imported from: ‘grDevices’
     All declared Imports should be used.
Flavors: r-devel-linux-x86_64-fedora-clang, r-devel-linux-x86_64-fedora-gcc, r-patched-solaris-x86, r-release-osx-x86_64, r-oldrel-osx-x86_64

Version: 0.1.6
Check: data for non-ASCII characters
Result: NOTE
     Note: found 97 marked UTF-8 strings
Flavors: r-devel-linux-x86_64-fedora-clang, r-devel-linux-x86_64-fedora-gcc, r-patched-solaris-x86, r-release-osx-x86_64, r-oldrel-osx-x86_64