CRAN Package Check Results for Package tcR

Last updated on 2019-07-03 01:47:43 CEST.

Flavor Version Tinstall Tcheck Ttotal Status Flags
r-devel-linux-x86_64-debian-clang 2.2.4 23.20 172.04 195.24 OK
r-devel-linux-x86_64-debian-gcc 2.2.4 20.99 137.04 158.03 OK
r-devel-linux-x86_64-fedora-clang 2.2.4 262.69 NOTE
r-devel-linux-x86_64-fedora-gcc 2.2.4 223.51 OK
r-devel-windows-ix86+x86_64 2.2.4 53.00 209.00 262.00 NOTE
r-patched-linux-x86_64 2.2.4 23.66 169.82 193.48 OK
r-patched-solaris-x86 2.2.4 237.00 NOTE
r-release-linux-x86_64 2.2.4 22.33 168.38 190.71 OK
r-release-windows-ix86+x86_64 2.2.4 55.00 237.00 292.00 NOTE
r-release-osx-x86_64 2.2.4 NOTE
r-oldrel-windows-ix86+x86_64 2.2.4 48.00 200.00 248.00 NOTE
r-oldrel-osx-x86_64 2.2.4 NOTE

Check Details

Version: 2.2.4
Check: installed package size
Result: NOTE
     installed size is 6.8Mb
     sub-directories of 1Mb or more:
     data 1.4Mb
     doc 3.9Mb
Flavors: r-devel-linux-x86_64-fedora-clang, r-devel-windows-ix86+x86_64, r-patched-solaris-x86, r-release-windows-ix86+x86_64, r-release-osx-x86_64, r-oldrel-windows-ix86+x86_64, r-oldrel-osx-x86_64