Last updated on 2019-07-03 01:47:43 CEST.
Flavor | Version | Tinstall | Tcheck | Ttotal | Status | Flags |
---|---|---|---|---|---|---|
r-devel-linux-x86_64-debian-clang | 1.0.0 | 3.50 | 55.08 | 58.58 | OK | |
r-devel-linux-x86_64-debian-gcc | 1.0.0 | 3.33 | 43.92 | 47.25 | OK | |
r-devel-linux-x86_64-fedora-clang | 1.0.0 | 73.40 | NOTE | |||
r-devel-linux-x86_64-fedora-gcc | 1.0.0 | 73.08 | NOTE | |||
r-devel-windows-ix86+x86_64 | 1.0.0 | 9.00 | 76.00 | 85.00 | OK | |
r-patched-linux-x86_64 | 1.0.0 | 3.49 | 54.20 | 57.69 | OK | |
r-patched-solaris-x86 | 1.0.0 | 105.80 | NOTE | |||
r-release-linux-x86_64 | 1.0.0 | 3.54 | 54.56 | 58.10 | OK | |
r-release-windows-ix86+x86_64 | 1.0.0 | 9.00 | 77.00 | 86.00 | OK | |
r-release-osx-x86_64 | 1.0.0 | NOTE | ||||
r-oldrel-windows-ix86+x86_64 | 1.0.0 | 6.00 | 74.00 | 80.00 | OK | |
r-oldrel-osx-x86_64 | 1.0.0 | NOTE |
Version: 1.0.0
Check: dependencies in R code
Result: NOTE
Namespaces in Imports field not imported from:
‘ggplot2’ ‘tidyr’
All declared Imports should be used.
Flavors: r-devel-linux-x86_64-fedora-clang, r-devel-linux-x86_64-fedora-gcc, r-patched-solaris-x86, r-release-osx-x86_64, r-oldrel-osx-x86_64