Last updated on 2019-07-03 01:47:43 CEST.
Flavor | Version | Tinstall | Tcheck | Ttotal | Status | Flags |
---|---|---|---|---|---|---|
r-devel-linux-x86_64-debian-clang | 1.0.1 | 196.35 | 146.54 | 342.89 | OK | |
r-devel-linux-x86_64-debian-gcc | 1.0.1 | 164.78 | 111.21 | 275.99 | OK | |
r-devel-linux-x86_64-fedora-clang | 1.0.1 | 448.87 | NOTE | |||
r-devel-linux-x86_64-fedora-gcc | 1.0.1 | 404.04 | OK | |||
r-devel-windows-ix86+x86_64 | 1.0.1 | 437.00 | 254.00 | 691.00 | NOTE | |
r-patched-linux-x86_64 | 1.0.1 | 193.94 | 142.09 | 336.03 | OK | |
r-patched-solaris-x86 | 1.0.1 | 483.80 | OK | |||
r-release-linux-x86_64 | 1.0.1 | 188.11 | 142.88 | 330.99 | OK | |
r-release-windows-ix86+x86_64 | 1.0.1 | 449.00 | 352.00 | 801.00 | NOTE | |
r-release-osx-x86_64 | 1.0.1 | NOTE | ||||
r-oldrel-windows-ix86+x86_64 | 1.0.1 | 407.00 | 245.00 | 652.00 | NOTE | |
r-oldrel-osx-x86_64 | 1.0.1 | NOTE |
Version: 1.0.1
Check: installed package size
Result: NOTE
installed size is 17.9Mb
sub-directories of 1Mb or more:
data 2.4Mb
libs 15.2Mb
Flavors: r-devel-linux-x86_64-fedora-clang, r-devel-windows-ix86+x86_64, r-release-windows-ix86+x86_64, r-release-osx-x86_64, r-oldrel-windows-ix86+x86_64, r-oldrel-osx-x86_64