Last updated on 2019-07-03 01:47:43 CEST.
Flavor | Version | Tinstall | Tcheck | Ttotal | Status | Flags |
---|---|---|---|---|---|---|
r-devel-linux-x86_64-debian-clang | 1.0-6 | 2.38 | 19.94 | 22.32 | OK | |
r-devel-linux-x86_64-debian-gcc | 1.0-6 | 1.85 | 16.37 | 18.22 | OK | |
r-devel-linux-x86_64-fedora-clang | 1.0-6 | 32.47 | NOTE | |||
r-devel-linux-x86_64-fedora-gcc | 1.0-6 | 27.38 | NOTE | |||
r-devel-windows-ix86+x86_64 | 1.0-6 | 6.00 | 47.00 | 53.00 | OK | |
r-patched-linux-x86_64 | 1.0-6 | 2.37 | 20.44 | 22.81 | OK | |
r-patched-solaris-x86 | 1.0-6 | 44.80 | NOTE | |||
r-release-linux-x86_64 | 1.0-6 | 2.24 | 19.92 | 22.16 | OK | |
r-release-windows-ix86+x86_64 | 1.0-6 | 5.00 | 41.00 | 46.00 | OK | |
r-release-osx-x86_64 | 1.0-6 | NOTE | ||||
r-oldrel-windows-ix86+x86_64 | 1.0-6 | 4.00 | 32.00 | 36.00 | OK | |
r-oldrel-osx-x86_64 | 1.0-6 | NOTE |
Version: 1.0-6
Check: data for non-ASCII characters
Result: NOTE
Note: found 10051 marked UTF-8 strings
Note: found 10523 strings marked as "bytes"
Flavors: r-devel-linux-x86_64-fedora-clang, r-devel-linux-x86_64-fedora-gcc, r-patched-solaris-x86, r-release-osx-x86_64, r-oldrel-osx-x86_64