Last updated on 2019-07-03 01:47:43 CEST.
Flavor | Version | Tinstall | Tcheck | Ttotal | Status | Flags |
---|---|---|---|---|---|---|
r-devel-linux-x86_64-debian-clang | 0.0.1 | 10.17 | 116.02 | 126.19 | OK | |
r-devel-linux-x86_64-debian-gcc | 0.0.1 | 10.16 | 90.48 | 100.64 | OK | |
r-devel-linux-x86_64-fedora-clang | 0.0.1 | 169.00 | NOTE | |||
r-devel-linux-x86_64-fedora-gcc | 0.0.1 | 142.40 | NOTE | |||
r-devel-windows-ix86+x86_64 | 0.0.1 | 26.00 | 131.00 | 157.00 | OK | |
r-patched-linux-x86_64 | 0.0.1 | 11.84 | 112.23 | 124.07 | OK | |
r-patched-solaris-x86 | 0.0.1 | 244.00 | NOTE | |||
r-release-linux-x86_64 | 0.0.1 | 10.40 | 112.73 | 123.13 | OK | |
r-release-windows-ix86+x86_64 | 0.0.1 | 24.00 | 133.00 | 157.00 | OK | |
r-release-osx-x86_64 | 0.0.1 | NOTE | ||||
r-oldrel-windows-ix86+x86_64 | 0.0.1 | 14.00 | 127.00 | 141.00 | OK | |
r-oldrel-osx-x86_64 | 0.0.1 | NOTE |
Version: 0.0.1
Check: dependencies in R code
Result: NOTE
Namespace in Imports field not imported from: ‘stringr’
All declared Imports should be used.
Flavors: r-devel-linux-x86_64-fedora-clang, r-devel-linux-x86_64-fedora-gcc, r-patched-solaris-x86, r-release-osx-x86_64, r-oldrel-osx-x86_64