CRAN Package Check Results for Package tidyRSS

Last updated on 2019-07-03 01:47:43 CEST.

Flavor Version Tinstall Tcheck Ttotal Status Flags
r-devel-linux-x86_64-debian-clang 1.2.11 5.91 50.07 55.98 OK
r-devel-linux-x86_64-debian-gcc 1.2.11 5.10 39.00 44.10 OK
r-devel-linux-x86_64-fedora-clang 1.2.11 81.54 NOTE
r-devel-linux-x86_64-fedora-gcc 1.2.11 68.55 NOTE
r-devel-windows-ix86+x86_64 1.2.11 12.00 63.00 75.00 OK
r-patched-linux-x86_64 1.2.11 6.02 48.63 54.65 OK
r-patched-solaris-x86 1.2.11 140.10 NOTE
r-release-linux-x86_64 1.2.11 6.24 49.24 55.48 OK
r-release-windows-ix86+x86_64 1.2.11 14.00 94.00 108.00 OK
r-release-osx-x86_64 1.2.11 NOTE
r-oldrel-windows-ix86+x86_64 1.2.11 7.00 63.00 70.00 OK
r-oldrel-osx-x86_64 1.2.11 NOTE

Check Details

Version: 1.2.11
Check: dependencies in R code
Result: NOTE
    Namespace in Imports field not imported from: ‘testthat’
     All declared Imports should be used.
Flavors: r-devel-linux-x86_64-fedora-clang, r-devel-linux-x86_64-fedora-gcc, r-patched-solaris-x86, r-release-osx-x86_64, r-oldrel-osx-x86_64