Last updated on 2019-07-03 01:47:43 CEST.
Flavor | Version | Tinstall | Tcheck | Ttotal | Status | Flags |
---|---|---|---|---|---|---|
r-devel-linux-x86_64-debian-clang | 0.1.1 | 16.88 | 48.69 | 65.57 | OK | |
r-devel-linux-x86_64-debian-gcc | 0.1.1 | 12.31 | 38.50 | 50.81 | OK | |
r-devel-linux-x86_64-fedora-clang | 0.1.1 | 99.55 | OK | |||
r-devel-linux-x86_64-fedora-gcc | 0.1.1 | 82.24 | OK | |||
r-devel-windows-ix86+x86_64 | 0.1.1 | 34.00 | 90.00 | 124.00 | OK | |
r-patched-linux-x86_64 | 0.1.1 | 15.32 | 46.91 | 62.23 | OK | |
r-patched-solaris-x86 | 0.1.1 | 110.50 | OK | |||
r-release-linux-x86_64 | 0.1.1 | 16.36 | 47.24 | 63.60 | OK | |
r-release-windows-ix86+x86_64 | 0.1.1 | 35.00 | 91.00 | 126.00 | OK | |
r-release-osx-x86_64 | 0.1.1 | ERROR | ||||
r-oldrel-windows-ix86+x86_64 | 0.1.1 | 33.00 | 89.00 | 122.00 | OK | |
r-oldrel-osx-x86_64 | 0.1.1 | OK |
Version: 0.1.1
Check: package dependencies
Result: ERROR
Package required but not available: ‘IRanges’
See section ‘The DESCRIPTION file’ in the ‘Writing R Extensions’
manual.
Flavor: r-release-osx-x86_64