CRAN Package Check Results for Package toOrdinal

Last updated on 2019-07-03 01:47:43 CEST.

Flavor Version Tinstall Tcheck Ttotal Status Flags
r-devel-linux-x86_64-debian-clang 1.1-0.0 1.85 23.59 25.44 OK
r-devel-linux-x86_64-debian-gcc 1.1-0.0 1.43 19.68 21.11 OK
r-devel-linux-x86_64-fedora-clang 1.1-0.0 38.21 OK
r-devel-linux-x86_64-fedora-gcc 1.1-0.0 31.62 OK
r-devel-windows-ix86+x86_64 1.1-0.0 4.00 51.00 55.00 OK
r-patched-linux-x86_64 1.1-0.0 1.85 23.41 25.26 OK
r-patched-solaris-x86 1.1-0.0 53.40 WARN
r-release-linux-x86_64 1.1-0.0 1.84 24.04 25.88 OK
r-release-windows-ix86+x86_64 1.1-0.0 4.00 48.00 52.00 OK
r-release-osx-x86_64 1.1-0.0 WARN
r-oldrel-windows-ix86+x86_64 1.1-0.0 3.00 36.00 39.00 OK
r-oldrel-osx-x86_64 1.1-0.0 WARN

Check Details

Version: 1.1-0.0
Check: re-building of vignette outputs
Result: WARN
    Error(s) in re-building vignettes:
     ...
    --- re-building ‘toOrdinal.Rmd’ using rmarkdown
    Warning in engine$weave(file, quiet = quiet, encoding = enc) :
     Pandoc (>= 1.12.3) and/or pandoc-citeproc not available. Falling back to R Markdown v1.
    Quitting from lines 13-26 (toOrdinal.Rmd)
    Error: processing vignette 'toOrdinal.Rmd' failed with diagnostics:
    argument is of length zero
    --- failed re-building ‘toOrdinal.Rmd’
    
    SUMMARY: processing the following file failed:
     ‘toOrdinal.Rmd’
    
    Error: Vignette re-building failed.
    Execution halted
Flavors: r-patched-solaris-x86, r-release-osx-x86_64

Version: 1.1-0.0
Check: re-building of vignette outputs
Result: WARN
    Error in re-building vignettes:
     ...
    Warning in engine$weave(file, quiet = quiet, encoding = enc) :
     Pandoc (>= 1.12.3) and/or pandoc-citeproc not available. Falling back to R Markdown v1.
    Quitting from lines 13-26 (toOrdinal.Rmd)
    Error: processing vignette 'toOrdinal.Rmd' failed with diagnostics:
    argument is of length zero
    Execution halted
Flavor: r-oldrel-osx-x86_64