CRAN Package Check Results for Package treeDA

Last updated on 2019-07-03 01:47:44 CEST.

Flavor Version Tinstall Tcheck Ttotal Status Flags
r-devel-linux-x86_64-debian-clang 0.0.4 19.24 276.73 295.97 OK
r-devel-linux-x86_64-debian-gcc 0.0.4 17.38 215.37 232.75 OK
r-devel-linux-x86_64-fedora-clang 0.0.4 282.11 OK
r-devel-linux-x86_64-fedora-gcc 0.0.4 382.20 OK
r-devel-windows-ix86+x86_64 0.0.4 43.00 366.00 409.00 OK
r-patched-linux-x86_64 0.0.4 20.25 266.83 287.08 OK
r-patched-solaris-x86 0.0.4 574.80 OK
r-release-linux-x86_64 0.0.4 20.22 272.55 292.77 OK
r-release-windows-ix86+x86_64 0.0.4 47.00 348.00 395.00 OK
r-release-osx-x86_64 0.0.4 ERROR
r-oldrel-windows-ix86+x86_64 0.0.4 29.00 295.00 324.00 OK
r-oldrel-osx-x86_64 0.0.4 OK

Check Details

Version: 0.0.4
Check: package dependencies
Result: ERROR
    Package required but not available: ‘phyloseq’
    
    Package suggested but not available for checking: ‘adaptiveGPCA’
    
    See section ‘The DESCRIPTION file’ in the ‘Writing R Extensions’
    manual.
Flavor: r-release-osx-x86_64