CRAN Package Check Results for Package treespace

Last updated on 2019-07-03 01:47:44 CEST.

Flavor Version Tinstall Tcheck Ttotal Status Flags
r-devel-linux-x86_64-debian-clang 1.1.3.1 37.95 320.34 358.29 OK
r-devel-linux-x86_64-debian-gcc 1.1.3.1 30.85 251.11 281.96 OK
r-devel-linux-x86_64-fedora-clang 1.1.3.1 312.76 NOTE
r-devel-linux-x86_64-fedora-gcc 1.1.3.1 459.37 OK
r-devel-windows-ix86+x86_64 1.1.3.1 83.00 576.00 659.00 NOTE
r-patched-linux-x86_64 1.1.3.1 36.20 312.12 348.32 OK
r-patched-solaris-x86 1.1.3.1 620.30 WARN
r-release-linux-x86_64 1.1.3.1 35.34 319.56 354.90 OK
r-release-windows-ix86+x86_64 1.1.3.1 80.00 415.00 495.00 NOTE
r-release-osx-x86_64 1.1.3.1 WARN
r-oldrel-windows-ix86+x86_64 1.1.3.1 63.00 372.00 435.00 NOTE
r-oldrel-osx-x86_64 1.1.3.1 WARN

Check Details

Version: 1.1.3.1
Check: installed package size
Result: NOTE
     installed size is 5.3Mb
     sub-directories of 1Mb or more:
     doc 3.5Mb
Flavors: r-devel-linux-x86_64-fedora-clang, r-devel-windows-ix86+x86_64, r-patched-solaris-x86, r-release-windows-ix86+x86_64, r-release-osx-x86_64, r-oldrel-windows-ix86+x86_64, r-oldrel-osx-x86_64

Version: 1.1.3.1
Check: re-building of vignette outputs
Result: WARN
    Error(s) in re-building vignettes:
     ...
    --- re-building ‘DengueVignette.Rmd’ using rmarkdown
    Warning in engine$weave(file, quiet = quiet, encoding = enc) :
     Pandoc (>= 1.12.3) and/or pandoc-citeproc not available. Falling back to R Markdown v1.
    Loading required package: ape
    Loading required package: ade4
    Creating a generic function for 'toJSON' from package 'jsonlite' in package 'googleVis'
    
     /// adegenet 2.1.1 is loaded ////////////
    
     > overview: '?adegenet'
     > tutorials/doc/questions: 'adegenetWeb()'
     > bug reports/feature requests: adegenetIssues()
    
    
    
    Attaching package: 'adegenet'
    
    The following object is masked from 'package:phangorn':
    
     AICc
    
    The following object is masked from 'package:treespace':
    
     .render.server.info
    
    Quitting from lines 137-139 (DengueVignette.Rmd)
    Error: processing vignette 'DengueVignette.Rmd' failed with diagnostics:
    cannot open the connection
    --- failed re-building ‘DengueVignette.Rmd’
    
    --- re-building ‘TransmissionTreesVignette.Rmd’ using rmarkdown
    Warning in engine$weave(file, quiet = quiet, encoding = enc) :
     Pandoc (>= 1.12.3) and/or pandoc-citeproc not available. Falling back to R Markdown v1.
    Loading required package: ape
    Loading required package: ade4
    Creating a generic function for 'toJSON' from package 'jsonlite' in package 'googleVis'
    
    Attaching package: 'igraph'
    
    The following objects are masked from 'package:ape':
    
     edges, mst, ring
    
    The following objects are masked from 'package:stats':
    
     decompose, spectrum
    
    The following object is masked from 'package:base':
    
     union
    
    --- finished re-building ‘TransmissionTreesVignette.Rmd’
    
    --- re-building ‘introduction.Rmd’ using rmarkdown
    Warning in engine$weave(file, quiet = quiet, encoding = enc) :
     Pandoc (>= 1.12.3) and/or pandoc-citeproc not available. Falling back to R Markdown v1.
    
     /// adegenet 2.1.1 is loaded ////////////
    
     > overview: '?adegenet'
     > tutorials/doc/questions: 'adegenetWeb()'
     > bug reports/feature requests: adegenetIssues()
    
    
    
    Attaching package: 'adegenet'
    
    The following object is masked from 'package:treespace':
    
     .render.server.info
    
    
    Attaching package: 'adegraphics'
    
    The following objects are masked from 'package:ade4':
    
     kplotsepan.coa, s.arrow, s.class, s.corcircle, s.distri,
     s.image, s.label, s.logo, s.match, s.traject, s.value,
     table.value, triangle.class
    
    The following object is masked from 'package:ape':
    
     zoom
    
    Quitting from lines 138-139 (introduction.Rmd)
    Error: processing vignette 'introduction.Rmd' failed with diagnostics:
    cannot open the connection
    --- failed re-building ‘introduction.Rmd’
    
    --- re-building ‘tipCategories.Rmd’ using rmarkdown
    Warning in engine$weave(file, quiet = quiet, encoding = enc) :
     Pandoc (>= 1.12.3) and/or pandoc-citeproc not available. Falling back to R Markdown v1.
    Loading required package: ape
    Loading required package: ade4
    Creating a generic function for 'toJSON' from package 'jsonlite' in package 'googleVis'
    Loading required package: pander
    --- finished re-building ‘tipCategories.Rmd’
    
    SUMMARY: processing the following files failed:
     ‘DengueVignette.Rmd’ ‘introduction.Rmd’
    
    Error: Vignette re-building failed.
    Execution halted
Flavor: r-patched-solaris-x86

Version: 1.1.3.1
Check: whether package can be installed
Result: WARN
    Found the following significant warnings:
     Warning: 'rgl_init' failed, running with rgl.useNULL = TRUE
Flavor: r-release-osx-x86_64

Version: 1.1.3.1
Check: re-building of vignette outputs
Result: WARN
    Error(s) in re-building vignettes:
    --- re-building ‘DengueVignette.Rmd’ using rmarkdown
    Warning in engine$weave(file, quiet = quiet, encoding = enc) :
     Pandoc (>= 1.12.3) and/or pandoc-citeproc not available. Falling back to R Markdown v1.
    Loading required package: ape
    Loading required package: ade4
    Warning in rgl.init(initValue, onlyNULL) :
     RGL: unable to open X11 display
    Warning: 'rgl_init' failed, running with rgl.useNULL = TRUE
    Creating a generic function for 'toJSON' from package 'jsonlite' in package 'googleVis'
    
     /// adegenet 2.1.1 is loaded ////////////
    
     > overview: '?adegenet'
     > tutorials/doc/questions: 'adegenetWeb()'
     > bug reports/feature requests: adegenetIssues()
    
    
    
    Attaching package: 'adegenet'
    
    The following object is masked from 'package:phangorn':
    
     AICc
    
    The following object is masked from 'package:treespace':
    
     .render.server.info
    
    Quitting from lines 137-139 (DengueVignette.Rmd)
    Error: processing vignette 'DengueVignette.Rmd' failed with diagnostics:
    cannot open the connection
    --- failed re-building ‘DengueVignette.Rmd’
    
    --- re-building ‘TransmissionTreesVignette.Rmd’ using rmarkdown
    Warning in engine$weave(file, quiet = quiet, encoding = enc) :
     Pandoc (>= 1.12.3) and/or pandoc-citeproc not available. Falling back to R Markdown v1.
    Loading required package: ape
    Loading required package: ade4
    Creating a generic function for 'toJSON' from package 'jsonlite' in package 'googleVis'
    
    Attaching package: 'igraph'
    
    The following objects are masked from 'package:ape':
    
     edges, mst, ring
    
    The following objects are masked from 'package:stats':
    
     decompose, spectrum
    
    The following object is masked from 'package:base':
    
     union
    
    --- finished re-building ‘TransmissionTreesVignette.Rmd’
    
    --- re-building ‘introduction.Rmd’ using rmarkdown
    Warning in engine$weave(file, quiet = quiet, encoding = enc) :
     Pandoc (>= 1.12.3) and/or pandoc-citeproc not available. Falling back to R Markdown v1.
    
     /// adegenet 2.1.1 is loaded ////////////
    
     > overview: '?adegenet'
     > tutorials/doc/questions: 'adegenetWeb()'
     > bug reports/feature requests: adegenetIssues()
    
    
    
    Attaching package: 'adegenet'
    
    The following object is masked from 'package:treespace':
    
     .render.server.info
    
    
    Attaching package: 'adegraphics'
    
    The following objects are masked from 'package:ade4':
    
     kplotsepan.coa, s.arrow, s.class, s.corcircle, s.distri,
     s.image, s.label, s.logo, s.match, s.traject, s.value,
     table.value, triangle.class
    
    The following object is masked from 'package:ape':
    
     zoom
    
    Quitting from lines 138-139 (introduction.Rmd)
    Error: processing vignette 'introduction.Rmd' failed with diagnostics:
    cannot open the connection
    --- failed re-building ‘introduction.Rmd’
    
    --- re-building ‘tipCategories.Rmd’ using rmarkdown
    Warning in engine$weave(file, quiet = quiet, encoding = enc) :
     Pandoc (>= 1.12.3) and/or pandoc-citeproc not available. Falling back to R Markdown v1.
    Loading required package: ape
    Loading required package: ade4
    Creating a generic function for 'toJSON' from package 'jsonlite' in package 'googleVis'
    Loading required package: pander
    --- finished re-building ‘tipCategories.Rmd’
    
    SUMMARY: processing the following files failed:
     ‘DengueVignette.Rmd’ ‘introduction.Rmd’
    
    Error: Vignette re-building failed.
    Execution halted
Flavor: r-release-osx-x86_64

Version: 1.1.3.1
Check: re-building of vignette outputs
Result: WARN
    Error in re-building vignettes:
     ...
    Loading required package: ade4
    Creating a generic function for 'toJSON' from package 'jsonlite' in package 'googleVis'
    
     /// adegenet 2.1.1 is loaded ////////////
    
     > overview: '?adegenet'
     > tutorials/doc/questions: 'adegenetWeb()'
     > bug reports/feature requests: adegenetIssues()
    
    
    
    Attaching package: 'adegenet'
    
    The following object is masked from 'package:phangorn':
    
     AICc
    
    The following object is masked from 'package:treespace':
    
     .render.server.info
    
    Quitting from lines 137-139 (DengueVignette.Rmd)
    Error: processing vignette 'DengueVignette.Rmd' failed with diagnostics:
    cannot open the connection
    Execution halted
Flavor: r-oldrel-osx-x86_64