CRAN Package Check Results for Package trialr

Last updated on 2019-07-03 01:47:44 CEST.

Flavor Version Tinstall Tcheck Ttotal Status Flags
r-devel-linux-x86_64-debian-clang 0.1.2 681.07 350.22 1031.29 NOTE
r-devel-linux-x86_64-debian-gcc 0.1.2 669.88 279.73 949.61 NOTE
r-devel-linux-x86_64-fedora-clang 0.1.2 1098.59 NOTE
r-devel-linux-x86_64-fedora-gcc 0.1.2 1689.76 NOTE
r-devel-windows-ix86+x86_64 0.1.2 1344.00 558.00 1902.00 NOTE
r-patched-linux-x86_64 0.1.2 751.00 366.58 1117.58 NOTE
r-patched-solaris-x86 0.1.2 1281.90 NOTE
r-release-linux-x86_64 0.1.2 756.65 371.40 1128.05 NOTE
r-release-windows-ix86+x86_64 0.1.2 1085.00 456.00 1541.00 NOTE
r-release-osx-x86_64 0.1.2 NOTE
r-oldrel-windows-ix86+x86_64 0.1.2 1089.00 450.00 1539.00 NOTE
r-oldrel-osx-x86_64 0.1.2 NOTE

Check Details

Version: 0.1.2
Check: for GNU extensions in Makefiles
Result: NOTE
    GNU make is a SystemRequirements.
Flavors: r-devel-linux-x86_64-debian-clang, r-devel-linux-x86_64-debian-gcc, r-devel-linux-x86_64-fedora-clang, r-devel-linux-x86_64-fedora-gcc, r-devel-windows-ix86+x86_64, r-patched-linux-x86_64, r-patched-solaris-x86, r-release-linux-x86_64, r-release-windows-ix86+x86_64, r-release-osx-x86_64, r-oldrel-windows-ix86+x86_64, r-oldrel-osx-x86_64

Version: 0.1.2
Check: installed package size
Result: NOTE
     installed size is 109.2Mb
     sub-directories of 1Mb or more:
     doc 4.1Mb
     libs 104.3Mb
Flavors: r-devel-linux-x86_64-fedora-clang, r-devel-windows-ix86+x86_64, r-patched-solaris-x86, r-release-windows-ix86+x86_64, r-release-osx-x86_64, r-oldrel-windows-ix86+x86_64, r-oldrel-osx-x86_64

Version: 0.1.2
Check: dependencies in R code
Result: NOTE
    Namespace in Imports field not imported from: ‘tidyr’
     All declared Imports should be used.
Flavors: r-devel-linux-x86_64-fedora-clang, r-devel-linux-x86_64-fedora-gcc, r-patched-solaris-x86, r-release-osx-x86_64, r-oldrel-osx-x86_64