CRAN Package Check Results for Package tsmp

Last updated on 2019-07-03 01:47:44 CEST.

Flavor Version Tinstall Tcheck Ttotal Status Flags
r-devel-linux-x86_64-debian-clang 0.3.5 10.85 85.46 96.31 OK
r-devel-linux-x86_64-debian-gcc 0.3.5 10.28 65.62 75.90 OK
r-devel-linux-x86_64-fedora-clang 0.3.5 114.62 NOTE
r-devel-linux-x86_64-fedora-gcc 0.3.5 119.28 OK
r-devel-windows-ix86+x86_64 0.3.5 16.00 145.00 161.00 NOTE
r-patched-linux-x86_64 0.3.5 11.98 87.15 99.13 OK
r-patched-solaris-x86 0.3.5 183.90 NOTE
r-release-linux-x86_64 0.3.5 11.53 88.88 100.41 OK
r-release-windows-ix86+x86_64 0.3.5 16.00 106.00 122.00 NOTE
r-release-osx-x86_64 0.3.5 NOTE
r-oldrel-windows-ix86+x86_64 0.3.5 16.00 105.00 121.00 NOTE
r-oldrel-osx-x86_64 0.3.5 NOTE

Check Details

Version: 0.3.5
Check: installed package size
Result: NOTE
     installed size is 5.7Mb
     sub-directories of 1Mb or more:
     data 4.6Mb
Flavors: r-devel-linux-x86_64-fedora-clang, r-devel-windows-ix86+x86_64, r-patched-solaris-x86, r-release-windows-ix86+x86_64, r-release-osx-x86_64, r-oldrel-windows-ix86+x86_64, r-oldrel-osx-x86_64