CRAN Package Check Results for Package unvotes

Last updated on 2019-07-03 01:47:44 CEST.

Flavor Version Tinstall Tcheck Ttotal Status Flags
r-devel-linux-x86_64-debian-clang 0.2.0 4.41 640.47 644.88 WARN
r-devel-linux-x86_64-debian-gcc 0.2.0 4.85 630.04 634.89 WARN
r-devel-linux-x86_64-fedora-clang 0.2.0 1873.28 WARN
r-devel-linux-x86_64-fedora-gcc 0.2.0 1871.90 WARN
r-devel-windows-ix86+x86_64 0.2.0 11.00 0.00 11.00 FAIL
r-patched-linux-x86_64 0.2.0 4.91 640.43 645.34 WARN
r-patched-solaris-x86 0.2.0 2020.30 WARN
r-release-linux-x86_64 0.2.0 5.23 641.11 646.34 WARN
r-release-windows-ix86+x86_64 0.2.0 10.00 101.00 111.00 OK
r-release-osx-x86_64 0.2.0 NOTE
r-oldrel-windows-ix86+x86_64 0.2.0 7.00 0.00 7.00 FAIL
r-oldrel-osx-x86_64 0.2.0 NOTE

Check Details

Version: 0.2.0
Check: re-building of vignette outputs
Result: WARN
    Error(s) in re-building vignettes:
     ...
    --- re-building 'unvotes.Rmd' using rmarkdown
    
    Attaching package: 'dplyr'
    
    The following objects are masked from 'package:stats':
    
     filter, lag
    
    The following objects are masked from 'package:base':
    
     intersect, setdiff, setequal, union
    
    If you use data from the unvotes package, please cite the following:
    
    Erik Voeten "Data and Analyses of Voting in the UN General Assembly" Routledge Handbook of International Organization, edited by Bob Reinalda (published May 27, 2013)
    Warning: code chunks must not depend on the uncached chunk "joined"
    Warning: Column `rcid` has different attributes on LHS and RHS of join
    Warning: code chunks must not depend on the uncached chunk "by_country_year"
    
    Attaching package: 'lubridate'
    
    The following object is masked from 'package:base':
    
     date
    
    Killed
Flavors: r-devel-linux-x86_64-debian-clang, r-devel-linux-x86_64-debian-gcc, r-patched-linux-x86_64, r-release-linux-x86_64

Version: 0.2.0
Check: data for non-ASCII characters
Result: NOTE
     Note: found 4494 marked UTF-8 strings
Flavors: r-devel-linux-x86_64-fedora-clang, r-devel-linux-x86_64-fedora-gcc, r-patched-solaris-x86, r-release-osx-x86_64, r-oldrel-osx-x86_64

Version: 0.2.0
Check: re-building of vignette outputs
Result: WARN
    Error(s) in re-building vignettes:
    --- re-building ‘unvotes.Rmd’ using rmarkdown
    
    Attaching package: 'dplyr'
    
    The following objects are masked from 'package:stats':
    
     filter, lag
    
    The following objects are masked from 'package:base':
    
     intersect, setdiff, setequal, union
    
    If you use data from the unvotes package, please cite the following:
    
    Erik Voeten "Data and Analyses of Voting in the UN General Assembly" Routledge Handbook of International Organization, edited by Bob Reinalda (published May 27, 2013)
    Warning: code chunks must not depend on the uncached chunk "joined"
    Warning: Column `rcid` has different attributes on LHS and RHS of join
    Warning: code chunks must not depend on the uncached chunk "by_country_year"
    
    Attaching package: 'lubridate'
    
    The following object is masked from 'package:base':
    
     date
Flavors: r-devel-linux-x86_64-fedora-clang, r-devel-linux-x86_64-fedora-gcc

Version: 0.2.0
Check: re-building of vignette outputs
Result: FAIL
    Check process probably crashed or hung up for 20 minutes ... killed
    Most likely this happened in the example checks (?),
    if not, ignore the following last lines of example output:
     4 Andorra 0
     5 Angola 0
     6 Antigua and Barbuda 0
     7 Argentina 0
     8 Armenia 0
     9 Australia 0
    10 Austria 0
    # ... with 189 more rows
    >
    >
    >
    >
    > ### * <FOOTER>
    > ###
    > cleanEx()
    
    detaching 'package:dplyr'
    
    > options(digits = 7L)
    > base::cat("Time elapsed: ", proc.time() - base::get("ptime", pos = 'CheckExEnv'),"\n")
    Time elapsed: 31.1 34.05 66.16 NA NA
    > grDevices::dev.off()
    null device
     1
    > ###
    > ### Local variables: ***
    > ### mode: outline-minor ***
    > ### outline-regexp: "\\(> \\)?### [*]+" ***
    > ### End: ***
    > quit('no')
    ======== End of example output (where/before crash/hang up occured ?) ========
Flavor: r-devel-windows-ix86+x86_64

Version: 0.2.0
Check: package dependencies
Result: NOTE
    Package suggested but not available for checking: ‘devtools’
Flavor: r-patched-solaris-x86

Version: 0.2.0
Check: re-building of vignette outputs
Result: WARN
    Error(s) in re-building vignettes:
     ...
    --- re-building ‘unvotes.Rmd’ using rmarkdown
    Warning in engine$weave(file, quiet = quiet, encoding = enc) :
     Pandoc (>= 1.12.3) and/or pandoc-citeproc not available. Falling back to R Markdown v1.
    
    Attaching package: 'dplyr'
    
    The following objects are masked from 'package:stats':
    
     filter, lag
    
    The following objects are masked from 'package:base':
    
     intersect, setdiff, setequal, union
    
    If you use data from the unvotes package, please cite the following:
    
    Erik Voeten "Data and Analyses of Voting in the UN General Assembly" Routledge Handbook of International Organization, edited by Bob Reinalda (published May 27, 2013)
    Warning: code chunks must not depend on the uncached chunk "joined"
    Warning: Column `rcid` has different attributes on LHS and RHS of join
    Warning: code chunks must not depend on the uncached chunk "by_country_year"
    
    Attaching package: 'lubridate'
    
    The following object is masked from 'package:base':
    
     date
Flavor: r-patched-solaris-x86

Version: 0.2.0
Check: re-building of vignette outputs
Result: FAIL
    Check process probably crashed or hung up for 20 minutes ... killed
    Most likely this happened in the example checks (?),
    if not, ignore the following last lines of example output:
     4 Andorra 0
     5 Angola 0
     6 Antigua and Barbuda 0
     7 Argentina 0
     8 Armenia 0
     9 Australia 0
    10 Austria 0
    # ... with 189 more rows
    >
    >
    >
    >
    > ### * <FOOTER>
    > ###
    > cleanEx()
    
    detaching 'package:dplyr'
    
    > options(digits = 7L)
    > base::cat("Time elapsed: ", proc.time() - base::get("ptime", pos = 'CheckExEnv'),"\n")
    Time elapsed: 74.6 83.15 159.7 NA NA
    > grDevices::dev.off()
    null device
     1
    > ###
    > ### Local variables: ***
    > ### mode: outline-minor ***
    > ### outline-regexp: "\\(> \\)?### [*]+" ***
    > ### End: ***
    > quit('no')
    ======== End of example output (where/before crash/hang up occured ?) ========
Flavor: r-oldrel-windows-ix86+x86_64