Last updated on 2019-07-03 01:47:44 CEST.
Flavor | Version | Tinstall | Tcheck | Ttotal | Status | Flags |
---|---|---|---|---|---|---|
r-devel-linux-x86_64-debian-clang | 0.0.6 | 3.83 | 35.03 | 38.86 | OK | |
r-devel-linux-x86_64-debian-gcc | 0.0.6 | 2.75 | 27.58 | 30.33 | OK | |
r-devel-linux-x86_64-fedora-clang | 0.0.6 | 47.19 | NOTE | |||
r-devel-linux-x86_64-fedora-gcc | 0.0.6 | 47.75 | NOTE | |||
r-devel-windows-ix86+x86_64 | 0.0.6 | 8.00 | 56.00 | 64.00 | OK | |
r-patched-linux-x86_64 | 0.0.6 | 2.84 | 33.76 | 36.60 | OK | |
r-patched-solaris-x86 | 0.0.6 | 77.20 | NOTE | |||
r-release-linux-x86_64 | 0.0.6 | 3.89 | 34.66 | 38.55 | OK | |
r-release-windows-ix86+x86_64 | 0.0.6 | 10.00 | 70.00 | 80.00 | OK | |
r-release-osx-x86_64 | 0.0.6 | NOTE | ||||
r-oldrel-windows-ix86+x86_64 | 0.0.6 | 5.00 | 54.00 | 59.00 | OK | |
r-oldrel-osx-x86_64 | 0.0.6 | NOTE |
Version: 0.0.6
Check: dependencies in R code
Result: NOTE
Namespaces in Imports field not imported from:
‘RCurl’ ‘stringdist’ ‘utils’
All declared Imports should be used.
Flavors: r-devel-linux-x86_64-fedora-clang, r-devel-linux-x86_64-fedora-gcc, r-patched-solaris-x86, r-release-osx-x86_64, r-oldrel-osx-x86_64