CRAN Package Check Results for Package utiml

Last updated on 2019-07-03 01:47:44 CEST.

Flavor Version Tinstall Tcheck Ttotal Status Flags
r-devel-linux-x86_64-debian-clang 0.1.5 8.20 112.74 120.94 OK
r-devel-linux-x86_64-debian-gcc 0.1.5 7.94 86.87 94.81 OK
r-devel-linux-x86_64-fedora-clang 0.1.5 145.57 OK
r-devel-linux-x86_64-fedora-gcc 0.1.5 147.34 OK
r-devel-windows-ix86+x86_64 0.1.5 17.00 175.00 192.00 OK
r-patched-linux-x86_64 0.1.5 8.53 111.57 120.10 OK
r-patched-solaris-x86 0.1.5 211.80 NOTE
r-release-linux-x86_64 0.1.5 9.17 113.46 122.63 OK
r-release-windows-ix86+x86_64 0.1.5 18.00 171.00 189.00 OK
r-release-osx-x86_64 0.1.5 OK
r-oldrel-windows-ix86+x86_64 0.1.5 12.00 135.00 147.00 OK
r-oldrel-osx-x86_64 0.1.5 OK

Check Details

Version: 0.1.5
Check: package dependencies
Result: NOTE
    Packages suggested but not available for checking:
     'FSelector', 'RWeka', 'xgboost'
Flavor: r-patched-solaris-x86

Version: 0.1.5
Check: Rd cross-references
Result: NOTE
    Package unavailable to check Rd xrefs: ‘FSelector’
Flavor: r-patched-solaris-x86