CRAN Package Check Results for Package uwot

Last updated on 2019-07-03 01:47:44 CEST.

Flavor Version Tinstall Tcheck Ttotal Status Flags
r-devel-linux-x86_64-debian-clang 0.1.3 70.67 120.89 191.56 NOTE
r-devel-linux-x86_64-debian-gcc 0.1.3 55.54 105.00 160.54 NOTE
r-devel-linux-x86_64-fedora-clang 0.1.3 266.90 NOTE
r-devel-linux-x86_64-fedora-gcc 0.1.3 274.07 NOTE
r-devel-windows-ix86+x86_64 0.1.3 163.00 268.00 431.00 NOTE
r-patched-linux-x86_64 0.1.3 67.73 119.50 187.23 NOTE
r-patched-solaris-x86 0.1.3 327.70 NOTE
r-release-linux-x86_64 0.1.3 64.72 121.00 185.72 NOTE
r-release-windows-ix86+x86_64 0.1.3 156.00 261.00 417.00 NOTE
r-release-osx-x86_64 0.1.3 NOTE
r-oldrel-windows-ix86+x86_64 0.1.3 152.00 219.00 371.00 NOTE
r-oldrel-osx-x86_64 0.1.3 NOTE

Additional issues

gcc-UBSAN

Check Details

Version: 0.1.3
Check: for GNU extensions in Makefiles
Result: NOTE
    GNU make is a SystemRequirements.
Flavors: r-devel-linux-x86_64-debian-clang, r-devel-linux-x86_64-debian-gcc, r-devel-linux-x86_64-fedora-clang, r-devel-linux-x86_64-fedora-gcc, r-devel-windows-ix86+x86_64, r-patched-linux-x86_64, r-patched-solaris-x86, r-release-linux-x86_64, r-release-windows-ix86+x86_64, r-release-osx-x86_64, r-oldrel-windows-ix86+x86_64, r-oldrel-osx-x86_64