Last updated on 2019-07-03 01:47:44 CEST.
Flavor | Version | Tinstall | Tcheck | Ttotal | Status | Flags |
---|---|---|---|---|---|---|
r-devel-linux-x86_64-debian-clang | 1.0.4 | 1.95 | 18.31 | 20.26 | NOTE | |
r-devel-linux-x86_64-debian-gcc | 1.0.4 | 1.94 | 14.98 | 16.92 | NOTE | |
r-devel-linux-x86_64-fedora-clang | 1.0.4 | 26.10 | NOTE | |||
r-devel-linux-x86_64-fedora-gcc | 1.0.4 | 26.07 | NOTE | |||
r-devel-windows-ix86+x86_64 | 1.0.4 | 5.00 | 34.00 | 39.00 | NOTE | |
r-patched-linux-x86_64 | 1.0.4 | 2.30 | 17.90 | 20.20 | NOTE | |
r-patched-solaris-x86 | 1.0.4 | 41.70 | NOTE | |||
r-release-linux-x86_64 | 1.0.4 | 2.27 | 18.41 | 20.68 | NOTE | |
r-release-windows-ix86+x86_64 | 1.0.4 | 5.00 | 43.00 | 48.00 | NOTE | |
r-release-osx-x86_64 | 1.0.4 | NOTE | ||||
r-oldrel-windows-ix86+x86_64 | 1.0.4 | 3.00 | 34.00 | 37.00 | NOTE | |
r-oldrel-osx-x86_64 | 1.0.4 | NOTE |
Version: 1.0.4
Check: package dependencies
Result: NOTE
Packages suggested but not available for checking: 'vaers', 'vaersND'
Flavors: r-devel-linux-x86_64-debian-clang, r-devel-linux-x86_64-debian-gcc, r-devel-linux-x86_64-fedora-clang, r-devel-linux-x86_64-fedora-gcc, r-devel-windows-ix86+x86_64, r-patched-linux-x86_64, r-patched-solaris-x86, r-release-linux-x86_64, r-release-windows-ix86+x86_64, r-release-osx-x86_64
Version: 1.0.4
Check: package dependencies
Result: NOTE
Packages suggested but not available for checking: 'vaers' 'vaersND'
Flavors: r-oldrel-windows-ix86+x86_64, r-oldrel-osx-x86_64