Last updated on 2019-07-03 01:47:44 CEST.
Flavor | Version | Tinstall | Tcheck | Ttotal | Status | Flags |
---|---|---|---|---|---|---|
r-devel-linux-x86_64-debian-clang | 1.5-3 | 8.63 | 77.01 | 85.64 | OK | |
r-devel-linux-x86_64-debian-gcc | 1.5-3 | 6.69 | 60.23 | 66.92 | OK | |
r-devel-linux-x86_64-fedora-clang | 1.5-3 | 97.50 | OK | |||
r-devel-linux-x86_64-fedora-gcc | 1.5-3 | 102.96 | OK | |||
r-devel-windows-ix86+x86_64 | 1.5-3 | 13.00 | 101.00 | 114.00 | WARN | |
r-patched-linux-x86_64 | 1.5-3 | 7.10 | 76.34 | 83.44 | OK | |
r-patched-solaris-x86 | 1.5-3 | 140.80 | OK | |||
r-release-linux-x86_64 | 1.5-3 | 8.32 | 78.17 | 86.49 | OK | |
r-release-windows-ix86+x86_64 | 1.5-3 | 13.00 | 116.00 | 129.00 | OK | |
r-release-osx-x86_64 | 1.5-3 | OK | ||||
r-oldrel-windows-ix86+x86_64 | 1.5-3 | 10.00 | 97.00 | 107.00 | OK | |
r-oldrel-osx-x86_64 | 1.5-3 | OK |
Version: 1.5-3
Check: re-building of vignette outputs
Result: WARN
Error(s) in re-building vignettes:
--- re-building 'vars.Rnw' using Sweave
Loading required package: MASS
Loading required package: strucchange
Loading required package: zoo
Attaching package: 'zoo'
The following objects are masked from 'package:base':
as.Date, as.Date.numeric
Loading required package: sandwich
Loading required package: urca
Loading required package: lmtest
Error: processing vignette 'vars.Rnw' failed with diagnostics:
chunk 1 (label = source)
Error in solve.default(infgamma) :
system is computationally singular: reciprocal condition number = 1.07368e-16
--- failed re-building 'vars.Rnw'
SUMMARY: processing the following file failed:
'vars.Rnw'
Error: Vignette re-building failed.
Execution halted
Flavor: r-devel-windows-ix86+x86_64