Last updated on 2019-07-03 01:47:44 CEST.
Flavor | Version | Tinstall | Tcheck | Ttotal | Status | Flags |
---|---|---|---|---|---|---|
r-devel-linux-x86_64-debian-clang | 0.3.1 | 31.99 | 43.39 | 75.38 | OK | |
r-devel-linux-x86_64-debian-gcc | 0.3.1 | 25.01 | 34.05 | 59.06 | OK | |
r-devel-linux-x86_64-fedora-clang | 0.3.1 | 110.22 | NOTE | |||
r-devel-linux-x86_64-fedora-gcc | 0.3.1 | 105.07 | NOTE | |||
r-devel-windows-ix86+x86_64 | 0.3.1 | 60.00 | 137.00 | 197.00 | OK | |
r-patched-linux-x86_64 | 0.3.1 | 28.29 | 43.58 | 71.87 | OK | |
r-patched-solaris-x86 | 0.3.1 | 3.90 | ERROR | |||
r-release-linux-x86_64 | 0.3.1 | 28.37 | 44.90 | 73.27 | OK | |
r-release-windows-ix86+x86_64 | 0.3.1 | 64.00 | 93.00 | 157.00 | OK | |
r-release-osx-x86_64 | 0.3.1 | NOTE | ||||
r-oldrel-windows-ix86+x86_64 | 0.3.1 | 58.00 | 104.00 | 162.00 | OK | |
r-oldrel-osx-x86_64 | 0.3.1 | NOTE |
Version: 0.3.1
Check: dependencies in R code
Result: NOTE
Namespace in Imports field not imported from: ‘freetypeharfbuzz’
All declared Imports should be used.
Flavors: r-devel-linux-x86_64-fedora-clang, r-devel-linux-x86_64-fedora-gcc, r-release-osx-x86_64, r-oldrel-osx-x86_64
Version: 0.3.1
Check: package dependencies
Result: ERROR
Packages required but not available: 'devtools', 'usethis'
See section ‘The DESCRIPTION file’ in the ‘Writing R Extensions’
manual.
Flavor: r-patched-solaris-x86