CRAN Package Check Results for Package vqtl

Last updated on 2019-07-03 01:47:45 CEST.

Flavor Version Tinstall Tcheck Ttotal Status Flags
r-devel-linux-x86_64-debian-clang 2.0.5 5.61 70.56 76.17 OK
r-devel-linux-x86_64-debian-gcc 2.0.5 4.21 54.73 58.94 OK
r-devel-linux-x86_64-fedora-clang 2.0.5 94.68 NOTE
r-devel-linux-x86_64-fedora-gcc 2.0.5 90.27 NOTE
r-devel-windows-ix86+x86_64 2.0.5 12.00 87.00 99.00 OK
r-patched-linux-x86_64 2.0.5 5.10 68.31 73.41 OK
r-patched-solaris-x86 2.0.5 126.20 NOTE
r-release-linux-x86_64 2.0.5 5.08 70.32 75.40 OK
r-release-windows-ix86+x86_64 2.0.5 13.00 118.00 131.00 OK
r-release-osx-x86_64 2.0.5 NOTE
r-oldrel-windows-ix86+x86_64 2.0.5 7.00 83.00 90.00 OK
r-oldrel-osx-x86_64 2.0.5 NOTE

Check Details

Version: 2.0.5
Check: dependencies in R code
Result: NOTE
    Namespaces in Imports field not imported from:
     ‘iterators’ ‘knitr’ ‘purrr’ ‘testthat’
     All declared Imports should be used.
Flavors: r-devel-linux-x86_64-fedora-clang, r-devel-linux-x86_64-fedora-gcc, r-patched-solaris-x86, r-release-osx-x86_64, r-oldrel-osx-x86_64