Last updated on 2019-07-03 01:47:45 CEST.
Flavor | Version | Tinstall | Tcheck | Ttotal | Status | Flags |
---|---|---|---|---|---|---|
r-devel-linux-x86_64-debian-clang | 1.2 | 2.26 | 22.03 | 24.29 | NOTE | |
r-devel-linux-x86_64-debian-gcc | 1.2 | 1.92 | 17.79 | 19.71 | NOTE | |
r-devel-linux-x86_64-fedora-clang | 1.2 | 31.84 | OK | |||
r-devel-linux-x86_64-fedora-gcc | 1.2 | 31.05 | OK | |||
r-devel-windows-ix86+x86_64 | 1.2 | 8.00 | 60.00 | 68.00 | OK | |
r-patched-linux-x86_64 | 1.2 | 2.41 | 22.00 | 24.41 | OK | |
r-patched-solaris-x86 | 1.2 | 48.10 | OK | |||
r-release-linux-x86_64 | 1.2 | 2.45 | 22.15 | 24.60 | OK | |
r-release-windows-ix86+x86_64 | 1.2 | 8.00 | 62.00 | 70.00 | OK | |
r-release-osx-x86_64 | 1.2 | OK | ||||
r-oldrel-windows-ix86+x86_64 | 1.2 | 6.00 | 40.00 | 46.00 | OK | |
r-oldrel-osx-x86_64 | 1.2 | OK |
Version: 1.2
Check: package vignettes
Result: NOTE
Package vignette with placeholder title 'Vignette Title':
'weco-vignette.Rmd'
Flavors: r-devel-linux-x86_64-debian-clang, r-devel-linux-x86_64-debian-gcc