Last updated on 2019-07-03 01:47:45 CEST.
Flavor | Version | Tinstall | Tcheck | Ttotal | Status | Flags |
---|---|---|---|---|---|---|
r-devel-linux-x86_64-debian-clang | 0.0.2 | 4.78 | 43.59 | 48.37 | OK | |
r-devel-linux-x86_64-debian-gcc | 0.0.2 | 3.77 | 35.81 | 39.58 | OK | |
r-devel-linux-x86_64-fedora-clang | 0.0.2 | 62.70 | OK | |||
r-devel-linux-x86_64-fedora-gcc | 0.0.2 | 60.96 | OK | |||
r-devel-windows-ix86+x86_64 | 0.0.2 | 11.00 | 70.00 | 81.00 | OK | |
r-patched-linux-x86_64 | 0.0.2 | 4.80 | 43.90 | 48.70 | OK | |
r-patched-solaris-x86 | 0.0.2 | 91.20 | OK | |||
r-release-linux-x86_64 | 0.0.2 | 5.00 | 44.03 | 49.03 | OK | |
r-release-windows-ix86+x86_64 | 0.0.2 | 11.00 | 66.00 | 77.00 | OK | |
r-release-osx-x86_64 | 0.0.2 | WARN | ||||
r-oldrel-windows-ix86+x86_64 | 0.0.2 | 7.00 | 74.00 | 81.00 | OK | |
r-oldrel-osx-x86_64 | 0.0.2 | OK |
Version: 0.0.2
Check: whether package can be installed
Result: WARN
Found the following significant warnings:
Warning: 'rgl_init' failed, running with rgl.useNULL = TRUE
Flavor: r-release-osx-x86_64