CRAN Package Check Results for Package xgb2sql

Last updated on 2019-07-03 01:47:45 CEST.

Flavor Version Tinstall Tcheck Ttotal Status Flags
r-devel-linux-x86_64-debian-clang 0.1.2 2.36 38.11 40.47 NOTE
r-devel-linux-x86_64-debian-gcc 0.1.2 1.73 29.60 31.33 NOTE
r-devel-linux-x86_64-fedora-clang 0.1.2 49.97 NOTE
r-devel-linux-x86_64-fedora-gcc 0.1.2 47.60 NOTE
r-devel-windows-ix86+x86_64 0.1.2 5.00 65.00 70.00 OK
r-patched-linux-x86_64 0.1.2 2.32 35.72 38.04 OK
r-patched-solaris-x86 0.1.2 4.00 ERROR
r-release-linux-x86_64 0.1.2 1.90 35.68 37.58 OK
r-release-windows-ix86+x86_64 0.1.2 5.00 76.00 81.00 OK
r-release-osx-x86_64 0.1.2 OK
r-oldrel-windows-ix86+x86_64 0.1.2 3.00 48.00 51.00 OK
r-oldrel-osx-x86_64 0.1.2 OK

Check Details

Version: 0.1.2
Check: for non-standard things in the check directory
Result: NOTE
    Found the following files/directories:
     'xgb.txt'
Flavors: r-devel-linux-x86_64-debian-clang, r-devel-linux-x86_64-debian-gcc, r-devel-linux-x86_64-fedora-clang, r-devel-linux-x86_64-fedora-gcc

Version: 0.1.2
Check: package dependencies
Result: ERROR
    Package required but not available: ‘xgboost’
    
    See section ‘The DESCRIPTION file’ in the ‘Writing R Extensions’
    manual.
Flavor: r-patched-solaris-x86